CRAN Package Check Results for Package bullwhipgame

Last updated on 2022-08-10 21:53:37 CEST.

Flavor Version Tinstall Tcheck Ttotal Status Flags
r-devel-linux-x86_64-debian-clang 0.1.0 2.10 20.33 22.43 NOTE
r-devel-linux-x86_64-debian-gcc 0.1.0 1.54 16.14 17.68 NOTE
r-devel-linux-x86_64-fedora-clang 0.1.0 38.27 NOTE
r-devel-linux-x86_64-fedora-gcc 0.1.0 37.26 NOTE
r-devel-windows-x86_64 0.1.0 11.00 44.00 55.00 NOTE
r-patched-linux-x86_64 0.1.0 1.39 20.47 21.86 NOTE
r-release-linux-x86_64 0.1.0 NOTE
r-release-macos-arm64 0.1.0 17.00 NOTE
r-release-macos-x86_64 0.1.0 27.00 NOTE
r-release-windows-x86_64 0.1.0 17.00 47.00 64.00 NOTE
r-oldrel-macos-arm64 0.1.0 17.00 NOTE
r-oldrel-macos-x86_64 0.1.0 24.00 NOTE
r-oldrel-windows-ix86+x86_64 0.1.0 6.00 39.00 45.00 NOTE

Check Details

Version: 0.1.0
Check: LazyData
Result: NOTE
     'LazyData' is specified without a 'data' directory
Flavors: r-devel-linux-x86_64-debian-clang, r-devel-linux-x86_64-debian-gcc, r-devel-linux-x86_64-fedora-clang, r-devel-linux-x86_64-fedora-gcc, r-devel-windows-x86_64, r-patched-linux-x86_64, r-release-linux-x86_64, r-release-macos-arm64, r-release-macos-x86_64, r-release-windows-x86_64, r-oldrel-macos-arm64, r-oldrel-macos-x86_64, r-oldrel-windows-ix86+x86_64