CRAN Package Check Results for Package bunchr

Last updated on 2019-03-20 20:48:22 CET.

Flavor Version Tinstall Tcheck Ttotal Status Flags
r-devel-linux-x86_64-debian-clang 1.2.0 2.31 525.49 527.80 OK
r-devel-linux-x86_64-debian-gcc 1.2.0 2.08 388.73 390.81 OK
r-devel-linux-x86_64-fedora-clang 1.2.0 607.91 OK
r-devel-linux-x86_64-fedora-gcc 1.2.0 591.72 OK
r-devel-windows-ix86+x86_64 1.2.0 7.00 422.00 429.00 OK --no-vignettes
r-patched-linux-x86_64 1.2.0 1.21 536.75 537.96 NOTE
r-patched-solaris-x86 1.2.0 879.40 OK
r-release-linux-x86_64 1.2.0 1.57 546.71 548.28 NOTE
r-release-windows-ix86+x86_64 1.2.0 4.00 481.00 485.00 OK --no-vignettes
r-release-osx-x86_64 1.2.0 OK
r-oldrel-windows-ix86+x86_64 1.2.0 5.00 483.00 488.00 OK --no-vignettes
r-oldrel-osx-x86_64 1.2.0 OK

Check Details

Version: 1.2.0
Check: DESCRIPTION meta-information
Result: NOTE
    Dependence on R version ‘3.3.1’ not with patchlevel 0
Flavors: r-patched-linux-x86_64, r-release-linux-x86_64