Last updated on 2023-12-03 18:48:29 CET.
Flavor | Version | Tinstall | Tcheck | Ttotal | Status | Flags |
---|---|---|---|---|---|---|
r-devel-linux-x86_64-debian-clang | 0.1.1 | 3.87 | 192.03 | 195.90 | OK | |
r-devel-linux-x86_64-debian-gcc | 0.1.1 | 3.16 | 142.52 | 145.68 | OK | |
r-devel-linux-x86_64-fedora-clang | 0.1.1 | 242.04 | OK | |||
r-devel-linux-x86_64-fedora-gcc | 0.1.1 | 241.39 | OK | |||
r-devel-windows-x86_64 | 0.1.1 | 6.00 | 196.00 | 202.00 | OK | |
r-patched-linux-x86_64 | 0.1.1 | 4.91 | 180.72 | 185.63 | OK | |
r-release-linux-x86_64 | 0.1.1 | 3.71 | 180.03 | 183.74 | OK | |
r-release-macos-arm64 | 0.1.1 | 105.00 | OK | |||
r-release-macos-x86_64 | 0.1.1 | 165.00 | OK | |||
r-release-windows-x86_64 | 0.1.1 | 6.00 | 212.00 | 218.00 | OK | |
r-oldrel-macos-arm64 | 0.1.1 | 83.00 | OK | |||
r-oldrel-macos-x86_64 | 0.1.1 | 131.00 | ERROR | |||
r-oldrel-windows-x86_64 | 0.1.1 | 5.00 | 213.00 | 218.00 | OK |
Version: 0.1.1
Check: re-building of vignette outputs
Result: ERROR
Error(s) in re-building vignettes:
...
--- re-building ‘bundle.Rmd’ using rmarkdown
Quitting from lines 16-29 [unnamed-chunk-1] (bundle.Rmd)
Error: processing vignette 'bundle.Rmd' failed with diagnostics:
PyType_GetFlags - dlsym(0x7fb7faa12100, PyType_GetFlags): symbol not found
--- failed re-building ‘bundle.Rmd’
SUMMARY: processing the following file failed:
‘bundle.Rmd’
Error: Vignette re-building failed.
Execution halted
Flavor: r-oldrel-macos-x86_64