Last updated on 2023-01-27 13:51:15 CET.
Flavor | Version | Tinstall | Tcheck | Ttotal | Status | Flags |
---|---|---|---|---|---|---|
r-devel-linux-x86_64-debian-clang | 0.2.0 | 3.29 | 38.85 | 42.14 | NOTE | |
r-devel-linux-x86_64-debian-gcc | 0.2.0 | 2.84 | 29.95 | 32.79 | NOTE | |
r-devel-linux-x86_64-fedora-clang | 0.2.0 | 55.20 | NOTE | |||
r-devel-linux-x86_64-fedora-gcc | 0.2.0 | 63.76 | NOTE | |||
r-devel-windows-x86_64 | 0.2.0 | 17.00 | 67.00 | 84.00 | NOTE | |
r-patched-linux-x86_64 | 0.2.0 | 3.59 | 38.29 | 41.88 | NOTE | |
r-release-linux-x86_64 | 0.2.0 | 3.38 | 37.38 | 40.76 | NOTE | |
r-release-macos-arm64 | 0.2.0 | 19.00 | NOTE | |||
r-release-macos-x86_64 | 0.2.0 | 30.00 | NOTE | |||
r-release-windows-x86_64 | 0.2.0 | 17.00 | 68.00 | 85.00 | NOTE | |
r-oldrel-macos-arm64 | 0.2.0 | 27.00 | NOTE | |||
r-oldrel-macos-x86_64 | 0.2.0 | 41.00 | NOTE | |||
r-oldrel-windows-ix86+x86_64 | 0.2.0 | 7.00 | 64.00 | 71.00 | NOTE |
Version: 0.2.0
Check: LazyData
Result: NOTE
'LazyData' is specified without a 'data' directory
Flavors: r-devel-linux-x86_64-debian-clang, r-devel-linux-x86_64-debian-gcc, r-devel-linux-x86_64-fedora-clang, r-devel-linux-x86_64-fedora-gcc, r-devel-windows-x86_64, r-patched-linux-x86_64, r-release-linux-x86_64, r-release-macos-arm64, r-release-macos-x86_64, r-release-windows-x86_64, r-oldrel-macos-arm64, r-oldrel-macos-x86_64, r-oldrel-windows-ix86+x86_64