Last updated on 2023-05-29 16:01:08 CEST.
Flavor | Version | Tinstall | Tcheck | Ttotal | Status | Flags |
---|---|---|---|---|---|---|
r-devel-linux-x86_64-debian-clang | 0.2.0 | 3.52 | 38.13 | 41.65 | NOTE | |
r-devel-linux-x86_64-debian-gcc | 0.2.0 | 2.58 | 30.30 | 32.88 | NOTE | |
r-devel-linux-x86_64-fedora-clang | 0.2.0 | 54.28 | NOTE | |||
r-devel-linux-x86_64-fedora-gcc | 0.2.0 | 63.46 | NOTE | |||
r-devel-windows-x86_64 | 0.2.0 | 3.00 | 52.00 | 55.00 | NOTE | |
r-patched-linux-x86_64 | 0.2.0 | 3.65 | 37.64 | 41.29 | NOTE | |
r-release-linux-x86_64 | 0.2.0 | 2.83 | 37.76 | 40.59 | NOTE | |
r-release-macos-arm64 | 0.2.0 | 29.00 | NOTE | |||
r-release-macos-x86_64 | 0.2.0 | 42.00 | NOTE | |||
r-release-windows-x86_64 | 0.2.0 | 5.00 | 55.00 | 60.00 | NOTE | |
r-oldrel-macos-arm64 | 0.2.0 | 25.00 | NOTE | |||
r-oldrel-macos-x86_64 | 0.2.0 | 30.00 | NOTE | |||
r-oldrel-windows-x86_64 | 0.2.0 | 5.00 | 57.00 | 62.00 | NOTE |
Version: 0.2.0
Check: LazyData
Result: NOTE
'LazyData' is specified without a 'data' directory
Flavors: r-devel-linux-x86_64-debian-clang, r-devel-linux-x86_64-debian-gcc, r-devel-linux-x86_64-fedora-clang, r-devel-linux-x86_64-fedora-gcc, r-devel-windows-x86_64, r-patched-linux-x86_64, r-release-linux-x86_64, r-release-macos-arm64, r-release-macos-x86_64, r-release-windows-x86_64, r-oldrel-macos-arm64, r-oldrel-macos-x86_64, r-oldrel-windows-x86_64