Last updated on 2022-05-20 19:50:50 CEST.
Flavor | Version | Tinstall | Tcheck | Ttotal | Status | Flags |
---|---|---|---|---|---|---|
r-devel-linux-x86_64-debian-clang | 1.1 | 41.80 | 43.25 | 85.05 | OK | |
r-devel-linux-x86_64-debian-gcc | 1.1 | 34.47 | 33.05 | 67.52 | OK | |
r-devel-linux-x86_64-fedora-clang | 1.1 | 116.44 | NOTE | |||
r-devel-linux-x86_64-fedora-gcc | 1.1 | 105.92 | NOTE | |||
r-devel-windows-x86_64 | 1.1 | 40.00 | 76.00 | 116.00 | OK | |
r-patched-linux-x86_64 | 1.1 | 35.76 | 41.26 | 77.02 | OK | |
r-release-linux-x86_64 | 1.1 | 32.77 | 40.59 | 73.36 | OK | |
r-release-macos-arm64 | 1.1 | 30.00 | OK | |||
r-release-macos-x86_64 | 1.1 | 43.00 | OK | |||
r-release-windows-x86_64 | 1.1 | 34.00 | 82.00 | 116.00 | OK | |
r-oldrel-macos-arm64 | 1.1 | 43.00 | OK | |||
r-oldrel-macos-x86_64 | 1.1 | 54.00 | OK | |||
r-oldrel-windows-ix86+x86_64 | 1.1 | 100.00 | 83.00 | 183.00 | OK |
Version: 1.1
Check: compiled code
Result: NOTE
File ‘bvarsv/libs/bvarsv.so’:
Found no calls to: ‘R_registerRoutines’, ‘R_useDynamicSymbols’
It is good practice to register native routines and to disable symbol
search.
See ‘Writing portable packages’ in the ‘Writing R Extensions’ manual.
Flavors: r-devel-linux-x86_64-fedora-clang, r-devel-linux-x86_64-fedora-gcc