CRAN Package Check Results for Package bvls

Last updated on 2019-08-18 04:46:08 CEST.

Flavor Version Tinstall Tcheck Ttotal Status Flags
r-devel-linux-x86_64-debian-clang 1.4 2.79 16.60 19.39 NOTE
r-devel-linux-x86_64-debian-gcc 1.4 2.26 13.63 15.89 NOTE
r-devel-linux-x86_64-fedora-clang 1.4 25.35 NOTE
r-devel-linux-x86_64-fedora-gcc 1.4 23.33 NOTE
r-devel-windows-ix86+x86_64 1.4 10.00 47.00 57.00 NOTE
r-patched-linux-x86_64 1.4 2.46 16.43 18.89 NOTE
r-patched-solaris-x86 1.4 41.20 NOTE
r-release-linux-x86_64 1.4 2.49 16.52 19.01 NOTE
r-release-windows-ix86+x86_64 1.4 7.00 46.00 53.00 NOTE
r-release-osx-x86_64 1.4 NOTE
r-oldrel-windows-ix86+x86_64 1.4 5.00 31.00 36.00 NOTE
r-oldrel-osx-x86_64 1.4 NOTE

Check Details

Version: 1.4
Check: DESCRIPTION meta-information
Result: NOTE
    Malformed Description field: should contain one or more complete sentences.
Flavors: r-devel-linux-x86_64-debian-clang, r-devel-linux-x86_64-debian-gcc, r-devel-linux-x86_64-fedora-clang, r-devel-linux-x86_64-fedora-gcc, r-devel-windows-ix86+x86_64, r-patched-linux-x86_64, r-patched-solaris-x86, r-release-linux-x86_64, r-release-windows-ix86+x86_64, r-release-osx-x86_64, r-oldrel-windows-ix86+x86_64, r-oldrel-osx-x86_64

Version: 1.4
Check: compiled code
Result: NOTE
    File ‘bvls/libs/bvls.so’:
     Found no calls to: ‘R_registerRoutines’, ‘R_useDynamicSymbols’
    
    It is good practice to register native routines and to disable symbol
    search.
    
    See ‘Writing portable packages’ in the ‘Writing R Extensions’ manual.
Flavors: r-devel-linux-x86_64-fedora-clang, r-devel-linux-x86_64-fedora-gcc