CRAN Package Check Results for Package bwd

Last updated on 2021-04-13 14:47:25 CEST.

Flavor Version Tinstall Tcheck Ttotal Status Flags
r-devel-linux-x86_64-debian-clang 0.1.0 3.06 22.54 25.60 NOTE
r-devel-linux-x86_64-debian-gcc 0.1.0 2.19 17.54 19.73 NOTE
r-devel-linux-x86_64-fedora-clang 0.1.0 40.29 NOTE
r-devel-linux-x86_64-fedora-gcc 0.1.0 29.75 NOTE
r-devel-windows-ix86+x86_64 0.1.0 9.00 43.00 52.00 NOTE
r-devel-windows-x86_64-gcc10-UCRT 0.1.0 NOTE
r-patched-linux-x86_64 0.1.0 2.89 21.44 24.33 OK
r-patched-solaris-x86 0.1.0 46.70 OK
r-release-linux-x86_64 0.1.0 2.94 21.42 24.36 OK
r-release-macos-x86_64 0.1.0 OK
r-release-windows-ix86+x86_64 0.1.0 9.00 33.00 42.00 OK
r-oldrel-macos-x86_64 0.1.0 OK
r-oldrel-windows-ix86+x86_64 0.1.0 7.00 48.00 55.00 OK

Check Details

Version: 0.1.0
Check: LazyData
Result: NOTE
     'LazyData' is specified without a 'data' directory
Flavors: r-devel-linux-x86_64-debian-clang, r-devel-linux-x86_64-debian-gcc, r-devel-linux-x86_64-fedora-clang, r-devel-linux-x86_64-fedora-gcc, r-devel-windows-ix86+x86_64, r-devel-windows-x86_64-gcc10-UCRT