CRAN Package Check Results for Package bysykkel

Last updated on 2019-10-20 08:47:13 CEST.

Flavor Version Tinstall Tcheck Ttotal Status Flags
r-devel-linux-x86_64-debian-clang 0.2.3 4.21 34.57 38.78 OK
r-devel-linux-x86_64-debian-gcc 0.2.3 3.91 25.61 29.52 OK
r-devel-linux-x86_64-fedora-clang 0.2.3 45.38 NOTE
r-devel-linux-x86_64-fedora-gcc 0.2.3 43.87 NOTE
r-devel-windows-ix86+x86_64 0.2.3 12.00 46.00 58.00 OK
r-patched-linux-x86_64 0.2.3 4.10 31.90 36.00 OK
r-patched-solaris-x86 0.2.3 75.50 NOTE
r-release-linux-x86_64 0.2.3 3.84 32.93 36.77 OK
r-release-windows-ix86+x86_64 0.2.3 16.00 46.00 62.00 OK
r-release-osx-x86_64 0.2.3 NOTE
r-oldrel-windows-ix86+x86_64 0.2.3 4.00 45.00 49.00 OK
r-oldrel-osx-x86_64 0.2.3 NOTE

Check Details

Version: 0.2.3
Check: dependencies in R code
Result: NOTE
    Namespace in Imports field not imported from: ‘magrittr’
     All declared Imports should be used.
Flavors: r-devel-linux-x86_64-fedora-clang, r-devel-linux-x86_64-fedora-gcc, r-patched-solaris-x86, r-release-osx-x86_64, r-oldrel-osx-x86_64