CRAN Package Check Results for Package bytescircle

Last updated on 2020-04-02 21:47:38 CEST.

Flavor Version Tinstall Tcheck Ttotal Status Flags
r-devel-linux-x86_64-debian-clang 1.1 3.06 24.97 28.03 OK
r-devel-linux-x86_64-debian-gcc 1.1 2.40 19.80 22.20 OK
r-devel-linux-x86_64-fedora-clang 1.1 34.31 NOTE
r-devel-linux-x86_64-fedora-gcc 1.1 34.26 NOTE
r-devel-windows-ix86+x86_64 1.1 12.00 47.00 59.00 OK
r-devel-windows-ix86+x86_64-gcc8 1.1 9.00 47.00 56.00 OK
r-patched-linux-x86_64 1.1 3.05 24.38 27.43 OK
r-patched-solaris-x86 1.1 50.10 OK
r-release-linux-x86_64 1.1 2.47 23.16 25.63 OK
r-release-windows-ix86+x86_64 1.1 7.00 48.00 55.00 OK
r-release-osx-x86_64 1.1 OK
r-oldrel-windows-ix86+x86_64 1.1 10.00 49.00 59.00 OK
r-oldrel-osx-x86_64 1.1 OK

Check Details

Version: 1.1
Check: compiled code
Result: NOTE
    File ‘bytescircle/libs/bytescircle.so’:
     Found no calls to: ‘R_registerRoutines’, ‘R_useDynamicSymbols’
    
    It is good practice to register native routines and to disable symbol
    search.
    
    See ‘Writing portable packages’ in the ‘Writing R Extensions’ manual.
Flavors: r-devel-linux-x86_64-fedora-clang, r-devel-linux-x86_64-fedora-gcc