Last updated on 2021-01-24 16:46:31 CET.
Flavor | Version | Tinstall | Tcheck | Ttotal | Status | Flags |
---|---|---|---|---|---|---|
r-devel-linux-x86_64-debian-clang | 1.1.1 | 2.62 | 53.47 | 56.09 | NOTE | |
r-devel-linux-x86_64-debian-gcc | 1.1.1 | 2.11 | 42.49 | 44.60 | NOTE | |
r-devel-linux-x86_64-fedora-clang | 1.1.1 | 76.52 | NOTE | |||
r-devel-linux-x86_64-fedora-gcc | 1.1.1 | 67.67 | NOTE | |||
r-devel-windows-ix86+x86_64 | 1.1.1 | 5.00 | 97.00 | 102.00 | NOTE | |
r-patched-linux-x86_64 | 1.1.1 | 2.96 | 53.41 | 56.37 | NOTE | |
r-patched-solaris-x86 | 1.1.1 | 113.20 | NOTE | |||
r-release-linux-x86_64 | 1.1.1 | 2.84 | 52.98 | 55.82 | NOTE | |
r-release-macos-x86_64 | 1.1.1 | NOTE | ||||
r-release-windows-ix86+x86_64 | 1.1.1 | 4.00 | 97.00 | 101.00 | NOTE | |
r-oldrel-macos-x86_64 | 1.1.1 | NOTE | ||||
r-oldrel-windows-ix86+x86_64 | 1.1.1 | 4.00 | 92.00 | 96.00 | NOTE |
Version: 1.1.1
Check: R code for possible problems
Result: NOTE
makemim: no visible global function definition for 'cor'
sigtestMTC: no visible global function definition for 'p.adjust'
Undefined global functions or variables:
cor p.adjust
Consider adding
importFrom("stats", "cor", "p.adjust")
to your NAMESPACE file.
Flavors: r-devel-linux-x86_64-debian-clang, r-devel-linux-x86_64-debian-gcc, r-devel-linux-x86_64-fedora-clang, r-devel-linux-x86_64-fedora-gcc, r-devel-windows-ix86+x86_64, r-patched-linux-x86_64, r-patched-solaris-x86, r-release-linux-x86_64, r-release-macos-x86_64, r-release-windows-ix86+x86_64, r-oldrel-macos-x86_64, r-oldrel-windows-ix86+x86_64