Last updated on 2023-09-27 00:10:03 CEST.
Flavor | Version | Tinstall | Tcheck | Ttotal | Status | Flags |
---|---|---|---|---|---|---|
r-devel-linux-x86_64-debian-clang | 1.3 | 5.58 | 165.50 | 171.08 | OK | |
r-devel-linux-x86_64-debian-gcc | 1.3 | 3.83 | 117.57 | 121.40 | OK | |
r-devel-linux-x86_64-fedora-clang | 1.3 | 203.66 | NOTE | |||
r-devel-linux-x86_64-fedora-gcc | 1.3 | 214.84 | OK | |||
r-devel-windows-x86_64 | 1.3 | 5.00 | 125.00 | 130.00 | NOTE | |
r-patched-linux-x86_64 | 1.3 | 5.93 | 157.35 | 163.28 | OK | |
r-release-linux-x86_64 | 1.3 | 3.80 | 156.76 | 160.56 | OK | |
r-release-macos-arm64 | 1.3 | 64.00 | NOTE | |||
r-release-macos-x86_64 | 1.3 | 98.00 | NOTE | |||
r-release-windows-x86_64 | 1.3 | 6.00 | 154.00 | 160.00 | NOTE | |
r-oldrel-macos-arm64 | 1.3 | 61.00 | NOTE | |||
r-oldrel-macos-x86_64 | 1.3 | 83.00 | NOTE | |||
r-oldrel-windows-x86_64 | 1.3 | 8.00 | 149.00 | 157.00 | NOTE |
Version: 1.3
Check: installed package size
Result: NOTE
installed size is 5.9Mb
sub-directories of 1Mb or more:
doc 5.7Mb
Flavors: r-devel-linux-x86_64-fedora-clang, r-devel-windows-x86_64, r-release-macos-arm64, r-release-macos-x86_64, r-release-windows-x86_64, r-oldrel-macos-arm64, r-oldrel-macos-x86_64, r-oldrel-windows-x86_64