Last updated on 2023-09-29 08:53:54 CEST.
Flavor | Version | Tinstall | Tcheck | Ttotal | Status | Flags |
---|---|---|---|---|---|---|
r-devel-linux-x86_64-debian-clang | 1.18.2 | 6.85 | 40.46 | 47.31 | OK | |
r-devel-linux-x86_64-debian-gcc | 1.18.2 | 5.47 | 31.56 | 37.03 | OK | |
r-devel-linux-x86_64-fedora-clang | 1.18.2 | 58.50 | NOTE | |||
r-devel-linux-x86_64-fedora-gcc | 1.18.2 | 59.30 | OK | |||
r-devel-windows-x86_64 | 1.18.2 | 15.00 | 59.00 | 74.00 | OK | |
r-patched-linux-x86_64 | 1.18.2 | 9.45 | 39.53 | 48.98 | OK | |
r-release-linux-x86_64 | 1.18.2 | 6.91 | 39.96 | 46.87 | OK | |
r-release-macos-arm64 | 1.18.2 | 26.00 | OK | |||
r-release-macos-x86_64 | 1.18.2 | 41.00 | OK | |||
r-release-windows-x86_64 | 1.18.2 | 12.00 | 63.00 | 75.00 | OK | |
r-oldrel-macos-arm64 | 1.18.2 | 27.00 | OK | |||
r-oldrel-macos-x86_64 | 1.18.2 | 32.00 | OK | |||
r-oldrel-windows-x86_64 | 1.18.2 | 11.00 | 61.00 | 72.00 | OK |
Version: 1.18.2
Check: Rd cross-references
Result: NOTE
Undeclared packages ‘pixmap’, ‘XML’, ‘exactRankTests’, ‘coin’, ‘ROCR’, ‘Epi’, ‘verification’, ‘Hmisc’, ‘gtools’, ‘magic’, ‘zoo’ in Rd xrefs
Flavor: r-devel-linux-x86_64-fedora-clang