CRAN Package Check Results for Package cabinets

Last updated on 2020-04-09 00:50:21 CEST.

Flavor Version Tinstall Tcheck Ttotal Status Flags
r-devel-linux-x86_64-debian-clang 0.4.0 2.81 21.81 24.62 OK
r-devel-linux-x86_64-debian-gcc 0.4.0 2.59 17.72 20.31 OK
r-devel-linux-x86_64-fedora-clang 0.4.0 30.72 NOTE
r-devel-linux-x86_64-fedora-gcc 0.4.0 30.24 NOTE
r-devel-windows-ix86+x86_64 0.4.0 7.00 35.00 42.00 OK
r-devel-windows-ix86+x86_64-gcc8 0.4.0 9.00 35.00 44.00 OK
r-patched-linux-x86_64 0.4.0 2.66 21.49 24.15 OK
r-patched-solaris-x86 0.4.0 47.60 NOTE
r-release-linux-x86_64 0.4.0 2.59 20.14 22.73 OK
r-release-windows-ix86+x86_64 0.4.0 5.00 34.00 39.00 OK
r-release-osx-x86_64 0.4.0 NOTE
r-oldrel-windows-ix86+x86_64 0.4.0 7.00 50.00 57.00 OK
r-oldrel-osx-x86_64 0.4.0 NOTE

Check Details

Version: 0.4.0
Check: dependencies in R code
Result: NOTE
    Namespaces in Imports field not imported from:
     ‘R6’ ‘here’ ‘withr’
     All declared Imports should be used.
Flavors: r-devel-linux-x86_64-fedora-clang, r-devel-linux-x86_64-fedora-gcc, r-patched-solaris-x86, r-release-osx-x86_64, r-oldrel-osx-x86_64