CRAN Package Check Results for Package cachem

Last updated on 2021-05-17 02:46:43 CEST.

Flavor Version Tinstall Tcheck Ttotal Status Flags
r-devel-linux-x86_64-debian-clang 1.0.4 3.12 29.51 32.63 NOTE
r-devel-linux-x86_64-debian-gcc 1.0.5 2.35 24.86 27.21 OK
r-devel-linux-x86_64-fedora-clang 1.0.5 52.05 OK
r-devel-linux-x86_64-fedora-gcc 1.0.5 40.65 OK
r-devel-windows-ix86+x86_64 1.0.4 10.00 47.00 57.00 NOTE
r-devel-windows-x86_64-gcc10-UCRT 1.0.5 WARN
r-patched-linux-x86_64 1.0.4 3.27 28.49 31.76 NOTE
r-patched-solaris-x86 1.0.5 62.80 OK
r-release-linux-x86_64 1.0.5 3.39 29.42 32.81 OK
r-release-macos-x86_64 1.0.4 OK
r-release-windows-ix86+x86_64 1.0.4 8.00 47.00 55.00 OK
r-oldrel-macos-x86_64 1.0.5 OK
r-oldrel-windows-ix86+x86_64 1.0.4 7.00 52.00 59.00 OK

Check Details

Version: 1.0.4
Check: LazyData
Result: NOTE
     'LazyData' is specified without a 'data' directory
Flavors: r-devel-linux-x86_64-debian-clang, r-devel-windows-ix86+x86_64, r-patched-linux-x86_64

Version: 1.0.5
Check: if this is a source package
Result: WARN
    Subdirectory 'cachem/src' contains apparent object files/libraries
     cache.o cachem.dll init.o
    Object files/libraries should not be included in a source package.
    
    Subdirectory 'src' contains:
     cachem.dll
    These are unlikely OK
Flavor: r-devel-windows-x86_64-gcc10-UCRT