CRAN Package Check Results for Package calcUnique

Last updated on 2022-08-17 07:52:23 CEST.

Flavor Version Tinstall Tcheck Ttotal Status Flags
r-devel-linux-x86_64-debian-clang 0.1.2 2.06 21.99 24.05 NOTE
r-devel-linux-x86_64-debian-gcc 0.1.2 NOTE
r-devel-linux-x86_64-fedora-clang 0.1.2 41.15 NOTE
r-devel-linux-x86_64-fedora-gcc 0.1.2 41.51 NOTE
r-devel-windows-x86_64 0.1.2 8.00 54.00 62.00 NOTE
r-patched-linux-x86_64 0.1.2 2.00 22.30 24.30 NOTE
r-release-linux-x86_64 0.1.2 1.96 22.22 24.18 NOTE
r-release-macos-arm64 0.1.2 18.00 NOTE
r-release-macos-x86_64 0.1.2 23.00 NOTE
r-release-windows-x86_64 0.1.2 10.00 55.00 65.00 NOTE
r-oldrel-macos-arm64 0.1.2 21.00 NOTE
r-oldrel-macos-x86_64 0.1.2 27.00 NOTE
r-oldrel-windows-ix86+x86_64 0.1.2 5.00 46.00 51.00 NOTE

Check Details

Version: 0.1.2
Check: LazyData
Result: NOTE
     'LazyData' is specified without a 'data' directory
Flavors: r-devel-linux-x86_64-debian-clang, r-devel-linux-x86_64-debian-gcc, r-devel-linux-x86_64-fedora-clang, r-devel-linux-x86_64-fedora-gcc, r-devel-windows-x86_64, r-patched-linux-x86_64, r-release-linux-x86_64, r-release-macos-arm64, r-release-macos-x86_64, r-release-windows-x86_64, r-oldrel-macos-arm64, r-oldrel-macos-x86_64, r-oldrel-windows-ix86+x86_64