CRAN Package Check Results for Package calendar

Last updated on 2020-09-22 05:50:39 CEST.

Flavor Version Tinstall Tcheck Ttotal Status Flags
r-devel-linux-x86_64-debian-clang 0.0.1 2.59 28.70 31.29 OK
r-devel-linux-x86_64-debian-gcc 0.0.1 0.31 2.20 2.51 ERROR
r-devel-linux-x86_64-fedora-clang 0.0.1 47.30 OK
r-devel-linux-x86_64-fedora-gcc 0.0.1 37.78 OK
r-devel-windows-ix86+x86_64 0.0.1 7.00 40.00 47.00 OK
r-patched-linux-x86_64 0.0.1 2.30 28.45 30.75 OK
r-patched-solaris-x86 0.0.1 54.80 OK
r-release-linux-x86_64 0.0.1 2.49 28.24 30.73 OK
r-release-macos-x86_64 0.0.1 OK
r-release-windows-ix86+x86_64 0.0.1 7.00 50.00 57.00 OK
r-oldrel-macos-x86_64 0.0.1 OK
r-oldrel-windows-ix86+x86_64 0.0.1 3.00 57.00 60.00 OK

Check Details

Version: 0.0.1
Check: whether package can be installed
Result: ERROR
    Installation failed.
Flavor: r-devel-linux-x86_64-debian-gcc