CRAN Package Check Results for Package calibrate

Last updated on 2019-07-22 13:46:52 CEST.

Flavor Version Tinstall Tcheck Ttotal Status Flags
r-devel-linux-x86_64-debian-clang 1.7.2 2.53 27.51 30.04 NOTE
r-devel-linux-x86_64-debian-gcc 1.7.2 2.01 22.18 24.19 NOTE
r-devel-linux-x86_64-fedora-clang 1.7.2 35.91 NOTE
r-devel-linux-x86_64-fedora-gcc 1.7.2 34.74 NOTE
r-devel-windows-ix86+x86_64 1.7.2 5.00 59.00 64.00 NOTE
r-patched-linux-x86_64 1.7.2 2.52 26.79 29.31 NOTE
r-patched-solaris-x86 1.7.2 54.30 NOTE
r-release-linux-x86_64 1.7.2 2.56 26.59 29.15 NOTE
r-release-windows-ix86+x86_64 1.7.2 5.00 47.00 52.00 NOTE
r-release-osx-x86_64 1.7.2 NOTE
r-oldrel-windows-ix86+x86_64 1.7.2 5.00 46.00 51.00 NOTE
r-oldrel-osx-x86_64 1.7.2 NOTE

Check Details

Version: 1.7.2
Check: dependencies in R code
Result: NOTE
    Package in Depends field not imported from: 'MASS'
     These packages need to be imported from (in the NAMESPACE file)
     for when this namespace is loaded but not attached.
Flavors: r-devel-linux-x86_64-debian-clang, r-devel-linux-x86_64-debian-gcc, r-devel-linux-x86_64-fedora-clang, r-devel-linux-x86_64-fedora-gcc, r-devel-windows-ix86+x86_64, r-patched-linux-x86_64, r-patched-solaris-x86, r-release-linux-x86_64, r-release-windows-ix86+x86_64, r-release-osx-x86_64, r-oldrel-windows-ix86+x86_64, r-oldrel-osx-x86_64

Version: 1.7.2
Check: R code for possible problems
Result: NOTE
    calibrate: no visible global function definition for 'lines'
    calibrate: no visible global function definition for 'text'
    canocor: no visible global function definition for 'cor'
    circle: no visible global function definition for 'points'
    dlines: no visible global function definition for 'lines'
    origin: no visible global function definition for 'par'
    origin: no visible global function definition for 'lines'
    rda: no visible global function definition for 'cor'
    rda: no visible global function definition for 'princomp'
    rda: no visible global function definition for 'var'
    textxy: no visible global function definition for 'text'
    Undefined global functions or variables:
     cor lines par points princomp text var
    Consider adding
     importFrom("graphics", "lines", "par", "points", "text")
     importFrom("stats", "cor", "princomp", "var")
    to your NAMESPACE file.
Flavors: r-devel-linux-x86_64-debian-clang, r-devel-linux-x86_64-debian-gcc, r-devel-linux-x86_64-fedora-clang, r-devel-linux-x86_64-fedora-gcc, r-devel-windows-ix86+x86_64, r-patched-linux-x86_64, r-patched-solaris-x86, r-release-linux-x86_64, r-release-windows-ix86+x86_64, r-release-osx-x86_64, r-oldrel-windows-ix86+x86_64, r-oldrel-osx-x86_64