CRAN Package Check Results for Package campsis

Last updated on 2022-11-28 15:53:10 CET.

Flavor Version Tinstall Tcheck Ttotal Status Flags
r-devel-linux-x86_64-debian-clang 1.3.0 18.76 298.55 317.31 NOTE
r-devel-linux-x86_64-debian-gcc 1.3.0 14.64 208.75 223.39 NOTE
r-devel-linux-x86_64-fedora-clang 1.3.0 424.79 NOTE
r-devel-linux-x86_64-fedora-gcc 1.3.0 357.38 NOTE
r-devel-windows-x86_64 1.3.0 61.00 392.00 453.00 OK
r-patched-linux-x86_64 1.3.0 11.04 256.85 267.89 NOTE
r-release-linux-x86_64 1.3.0 10.56 261.96 272.52 NOTE
r-release-macos-arm64 1.3.0 111.00 OK
r-release-macos-x86_64 1.3.0 141.00 OK
r-release-windows-x86_64 1.3.0 165.00 405.00 570.00 OK
r-oldrel-macos-arm64 1.3.0 111.00 OK
r-oldrel-macos-x86_64 1.3.0 139.00 OK
r-oldrel-windows-ix86+x86_64 1.3.0 39.00 337.00 376.00 OK

Check Details

Version: 1.3.0
Check: package dependencies
Result: NOTE
    Package suggested but not available for checking: 'RxODE'
Flavors: r-devel-linux-x86_64-debian-clang, r-devel-linux-x86_64-debian-gcc, r-devel-linux-x86_64-fedora-clang, r-devel-linux-x86_64-fedora-gcc, r-patched-linux-x86_64, r-release-linux-x86_64