Last updated on 2023-12-04 00:52:36 CET.
Flavor | Version | Tinstall | Tcheck | Ttotal | Status | Flags |
---|---|---|---|---|---|---|
r-devel-linux-x86_64-debian-clang | 2.2.0 | 57.35 | 471.39 | 528.74 | NOTE | |
r-devel-linux-x86_64-debian-gcc | 2.2.0 | 50.06 | 375.80 | 425.86 | NOTE | |
r-devel-linux-x86_64-fedora-clang | 2.2.0 | 701.99 | WARN | |||
r-devel-linux-x86_64-fedora-gcc | 2.2.0 | 687.59 | WARN | |||
r-devel-windows-x86_64 | 2.2.0 | 46.00 | 304.00 | 350.00 | NOTE | |
r-patched-linux-x86_64 | 2.2.0 | 57.40 | 486.24 | 543.64 | NOTE | |
r-release-linux-x86_64 | 2.2.0 | 58.51 | 481.31 | 539.82 | NOTE | |
r-release-macos-arm64 | 2.2.0 | 151.00 | NOTE | |||
r-release-macos-x86_64 | 2.2.0 | 294.00 | NOTE | |||
r-release-windows-x86_64 | 2.2.0 | 62.00 | 408.00 | 470.00 | NOTE | |
r-oldrel-macos-arm64 | 2.2.0 | 125.00 | NOTE | |||
r-oldrel-macos-x86_64 | 2.2.0 | 181.00 | NOTE | |||
r-oldrel-windows-x86_64 | 2.2.0 | 64.00 | 379.00 | 443.00 | NOTE |
Version: 2.2.0
Check: package dependencies
Result: NOTE
Package suggested but not available for checking: ‘rgdal’
Flavors: r-devel-linux-x86_64-debian-clang, r-devel-linux-x86_64-debian-gcc, r-patched-linux-x86_64, r-release-linux-x86_64
Version: 2.2.0
Check: package dependencies
Result: WARN
Packages suggested but not available for checking: 'rgdal', 'tesseract'
Requires orphaned package: ‘overlap’
Flavor: r-devel-linux-x86_64-fedora-clang
Version: 2.2.0
Check: installed package size
Result: NOTE
installed size is 7.3Mb
sub-directories of 1Mb or more:
doc 2.2Mb
pictures 4.2Mb
Flavors: r-devel-linux-x86_64-fedora-clang, r-devel-windows-x86_64, r-release-macos-arm64, r-release-macos-x86_64, r-release-windows-x86_64, r-oldrel-macos-arm64, r-oldrel-macos-x86_64, r-oldrel-windows-x86_64
Version: 2.2.0
Check: Rd cross-references
Result: NOTE
Undeclared package ‘plotrix’ in Rd xrefs
Flavor: r-devel-linux-x86_64-fedora-clang
Version: 2.2.0
Check: package dependencies
Result: WARN
Package suggested but not available for checking: ‘rgdal’
Requires orphaned package: ‘overlap’
Flavor: r-devel-linux-x86_64-fedora-gcc