CRAN Package Check Results for Package camtrapR

Last updated on 2022-11-27 18:52:58 CET.

Flavor Version Tinstall Tcheck Ttotal Status Flags
r-devel-linux-x86_64-debian-clang 2.2.0 57.88 494.82 552.70 OK
r-devel-linux-x86_64-debian-gcc 2.2.0 47.13 361.83 408.96 OK
r-devel-linux-x86_64-fedora-clang 2.2.0 720.66 NOTE
r-devel-linux-x86_64-fedora-gcc 2.2.0 729.99 OK
r-devel-windows-x86_64 2.2.0 1490.00 455.00 1945.00 NOTE
r-patched-linux-x86_64 2.2.0 58.25 459.52 517.77 OK
r-release-linux-x86_64 2.2.0 54.57 470.90 525.47 OK
r-release-macos-arm64 2.2.0 125.00 NOTE
r-release-macos-x86_64 2.2.0 181.00 NOTE
r-release-windows-x86_64 2.2.0 1199.00 435.00 1634.00 NOTE
r-oldrel-macos-arm64 2.2.0 116.00 NOTE
r-oldrel-macos-x86_64 2.2.0 175.00 NOTE
r-oldrel-windows-ix86+x86_64 2.2.0 110.00 474.00 584.00 NOTE

Check Details

Version: 2.2.0
Check: package dependencies
Result: NOTE
    Package suggested but not available for checking: ‘tesseract’
Flavor: r-devel-linux-x86_64-fedora-clang

Version: 2.2.0
Check: installed package size
Result: NOTE
     installed size is 7.3Mb
     sub-directories of 1Mb or more:
     doc 2.2Mb
     pictures 4.2Mb
Flavors: r-devel-linux-x86_64-fedora-clang, r-devel-windows-x86_64, r-release-macos-arm64, r-release-macos-x86_64, r-release-windows-x86_64, r-oldrel-macos-arm64, r-oldrel-macos-x86_64, r-oldrel-windows-ix86+x86_64

Version: 2.2.0
Check: Rd cross-references
Result: NOTE
    Undeclared package ‘plotrix’ in Rd xrefs
Flavor: r-devel-linux-x86_64-fedora-clang