CRAN Package Check Results for Package cancerGI

Last updated on 2021-05-15 15:48:02 CEST.

Flavor Version Tinstall Tcheck Ttotal Status Flags
r-devel-linux-x86_64-debian-clang 1.0.0 11.38 111.12 122.50 NOTE
r-devel-linux-x86_64-debian-gcc 1.0.0 8.98 82.36 91.34 NOTE
r-devel-linux-x86_64-fedora-clang 1.0.0 156.14 NOTE
r-devel-linux-x86_64-fedora-gcc 1.0.0 140.36 NOTE
r-devel-windows-ix86+x86_64 1.0.0 30.00 99.00 129.00 OK
r-devel-windows-x86_64-gcc10-UCRT 1.0.0 OK
r-patched-linux-x86_64 1.0.0 12.09 103.81 115.90 NOTE
r-patched-solaris-x86 1.0.0 208.50 NOTE
r-release-linux-x86_64 1.0.0 11.86 102.65 114.51 NOTE
r-release-macos-x86_64 1.0.0 OK
r-release-windows-ix86+x86_64 1.0.0 22.00 139.00 161.00 OK
r-oldrel-macos-x86_64 1.0.0 OK
r-oldrel-windows-ix86+x86_64 1.0.0 25.00 120.00 145.00 OK

Check Details

Version: 1.0.0
Check: for non-standard things in the check directory
Result: NOTE
    Found the following files/directories:
     'tmp.txt'
Flavors: r-devel-linux-x86_64-debian-clang, r-devel-linux-x86_64-debian-gcc, r-devel-linux-x86_64-fedora-clang, r-devel-linux-x86_64-fedora-gcc, r-patched-linux-x86_64, r-patched-solaris-x86, r-release-linux-x86_64