CRAN Package Check Results for Package candisc

Last updated on 2023-02-01 06:56:05 CET.

Flavor Version Tinstall Tcheck Ttotal Status Flags
r-devel-linux-x86_64-debian-clang 0.8-6 8.32 74.95 83.27 OK
r-devel-linux-x86_64-debian-gcc 0.8-6 5.72 55.18 60.90 OK
r-devel-linux-x86_64-fedora-clang 0.8-6 109.71 NOTE
r-devel-linux-x86_64-fedora-gcc 0.8-6 112.89 OK
r-devel-windows-x86_64 0.8-6 22.00 109.00 131.00 OK
r-patched-linux-x86_64 0.8-6 5.50 75.42 80.92 OK
r-release-linux-x86_64 0.8-6 7.36 76.61 83.97 OK
r-release-macos-arm64 0.8-6 25.00 OK
r-release-macos-x86_64 0.8-6 45.00 OK
r-release-windows-x86_64 0.8-6 33.00 123.00 156.00 OK
r-oldrel-macos-arm64 0.8-6 39.00 OK
r-oldrel-macos-x86_64 0.8-6 46.00 OK
r-oldrel-windows-ix86+x86_64 0.8-6 17.00 94.00 111.00 OK

Check Details

Version: 0.8-6
Check: Rd cross-references
Result: NOTE
    Undeclared packages ‘yacca’, ‘CCA’ in Rd xrefs
Flavor: r-devel-linux-x86_64-fedora-clang