CRAN Package Check Results for Package candisc

Last updated on 2022-09-30 01:49:08 CEST.

Flavor Version Tinstall Tcheck Ttotal Status Flags
r-devel-linux-x86_64-debian-clang 0.8-6 3.89 55.27 59.16 OK
r-devel-linux-x86_64-debian-gcc 0.8-6 3.72 42.32 46.04 OK
r-devel-linux-x86_64-fedora-clang 0.8-6 84.98 NOTE
r-devel-linux-x86_64-fedora-gcc 0.8-6 80.02 OK
r-devel-windows-x86_64 0.8-6 28.00 92.00 120.00 OK
r-patched-linux-x86_64 0.8-6 5.09 53.00 58.09 OK
r-release-linux-x86_64 0.8-6 4.77 52.64 57.41 OK
r-release-macos-arm64 0.8-6 25.00 OK
r-release-macos-x86_64 0.8-6 45.00 OK
r-release-windows-x86_64 0.8-6 21.00 90.00 111.00 OK
r-oldrel-macos-arm64 0.8-6 39.00 OK
r-oldrel-macos-x86_64 0.8-6 46.00 OK
r-oldrel-windows-ix86+x86_64 0.8-6 11.00 76.00 87.00 OK

Check Details

Version: 0.8-6
Check: Rd cross-references
Result: NOTE
    Undeclared packages ‘yacca’, ‘CCA’ in Rd xrefs
Flavor: r-devel-linux-x86_64-fedora-clang