CRAN Package Check Results for Package cape

Last updated on 2019-03-26 13:51:07 CET.

Flavor Version Tinstall Tcheck Ttotal Status Flags
r-devel-linux-x86_64-debian-clang 2.0.2 21.07 210.65 231.72 OK
r-devel-linux-x86_64-debian-gcc 2.0.2 15.81 163.57 179.38 OK
r-devel-linux-x86_64-fedora-clang 2.0.2 267.36 OK
r-devel-linux-x86_64-fedora-gcc 2.0.2 254.73 OK
r-devel-windows-ix86+x86_64 2.0.2 58.00 460.00 518.00 OK
r-patched-linux-x86_64 2.0.2 15.63 212.67 228.30 OK
r-patched-solaris-x86 2.0.2 809.00 OK
r-release-linux-x86_64 2.0.2 15.60 210.93 226.53 OK
r-release-windows-ix86+x86_64 2.0.2 35.00 482.00 517.00 OK
r-release-osx-x86_64 2.0.2 OK
r-oldrel-windows-ix86+x86_64 2.0.2 18.00 521.00 539.00 OK
r-oldrel-osx-x86_64 2.0.2 NOTE

Check Details

Version: 2.0.2
Check: re-building of vignette outputs
Result: NOTE
    Error in re-building vignettes:
     ...
    Removing 14 individuals due to missing phenotypes.
    
    
    2 marker(s) rejected due to linear non-independence.
     For more information see markers.removed.for.non.independence.txt
    Error in texi2dvi(file = file, pdf = TRUE, clean = clean, quiet = quiet, :
     Running 'texi2dvi' on 'cape.tex' failed.
    LaTeX errors:
    ! LaTeX Error: File `hyphenat.sty' not found.
    
    Type X to quit or <RETURN> to proceed,
    or enter new name. (Default extension: sty)
    
    ! Emergency stop.
    <read *>
    
    l.14 \usepackage
     [english]{babel}^^M
    ! ==> Fatal error occurred, no output PDF file produced!
    Calls: buildVignettes -> texi2pdf -> texi2dvi
    Execution halted
Flavor: r-oldrel-osx-x86_64