CRAN Package Check Results for Package cape

Last updated on 2019-05-20 18:53:58 CEST.

Flavor Version Tinstall Tcheck Ttotal Status Flags
r-devel-linux-x86_64-debian-clang 2.0.2 18.67 216.34 235.01 OK
r-devel-linux-x86_64-debian-gcc 2.0.2 16.40 163.74 180.14 OK
r-devel-linux-x86_64-fedora-clang 2.0.2 266.10 OK
r-devel-linux-x86_64-fedora-gcc 2.0.2 256.93 OK
r-devel-windows-ix86+x86_64 2.0.2 64.00 468.00 532.00 OK
r-patched-linux-x86_64 2.0.2 19.68 207.99 227.67 OK
r-patched-solaris-x86 2.0.2 817.30 OK
r-release-linux-x86_64 2.0.2 19.45 205.74 225.19 OK
r-release-windows-ix86+x86_64 2.0.2 61.00 472.00 533.00 OK
r-release-osx-x86_64 2.0.2 WARN
r-oldrel-windows-ix86+x86_64 2.0.2 25.00 349.00 374.00 OK
r-oldrel-osx-x86_64 2.0.2 OK

Check Details

Version: 2.0.2
Check: whether package can be installed
Result: WARN
    Found the following significant warnings:
     Warning: 'rgl_init' failed, running with rgl.useNULL = TRUE
Flavor: r-release-osx-x86_64