CRAN Package Check Results for Package capm

Last updated on 2019-09-23 13:46:15 CEST.

Flavor Version Tinstall Tcheck Ttotal Status Flags
r-devel-linux-x86_64-debian-clang 0.13.10 13.00 107.95 120.95 OK
r-devel-linux-x86_64-debian-gcc 0.13.10 11.97 82.83 94.80 OK
r-devel-linux-x86_64-fedora-clang 0.13.10 143.23 NOTE
r-devel-linux-x86_64-fedora-gcc 0.13.10 139.79 NOTE
r-devel-windows-ix86+x86_64 0.13.10 46.00 173.00 219.00 OK
r-patched-linux-x86_64 0.13.10 11.23 101.78 113.01 OK
r-patched-solaris-x86 0.13.10 211.40 NOTE
r-release-linux-x86_64 0.13.10 12.00 101.91 113.91 OK
r-release-windows-ix86+x86_64 0.13.10 39.00 166.00 205.00 OK
r-release-osx-x86_64 0.13.10 NOTE
r-oldrel-windows-ix86+x86_64 0.13.10 16.00 108.00 124.00 OK
r-oldrel-osx-x86_64 0.13.10 NOTE

Check Details

Version: 0.13.10
Check: data for non-ASCII characters
Result: NOTE
     Note: found 59 marked UTF-8 strings
Flavors: r-devel-linux-x86_64-fedora-clang, r-devel-linux-x86_64-fedora-gcc, r-patched-solaris-x86, r-release-osx-x86_64, r-oldrel-osx-x86_64