CRAN Package Check Results for Package capm

Last updated on 2019-06-19 08:52:55 CEST.

Flavor Version Tinstall Tcheck Ttotal Status Flags
r-devel-linux-x86_64-debian-clang 0.13.10 11.87 105.39 117.26 OK
r-devel-linux-x86_64-debian-gcc 0.13.10 10.62 82.35 92.97 OK
r-devel-linux-x86_64-fedora-clang 0.13.10 140.17 NOTE
r-devel-linux-x86_64-fedora-gcc 0.13.10 134.60 NOTE
r-devel-windows-ix86+x86_64 0.13.10 34.00 174.00 208.00 OK
r-patched-linux-x86_64 0.13.10 12.28 102.01 114.29 OK
r-patched-solaris-x86 0.13.10 210.40 NOTE
r-release-linux-x86_64 0.13.10 12.98 102.26 115.24 OK
r-release-windows-ix86+x86_64 0.13.10 39.00 156.00 195.00 OK
r-release-osx-x86_64 0.13.10 NOTE
r-oldrel-windows-ix86+x86_64 0.13.10 15.00 169.00 184.00 OK
r-oldrel-osx-x86_64 0.13.10 NOTE

Check Details

Version: 0.13.10
Check: data for non-ASCII characters
Result: NOTE
     Note: found 59 marked UTF-8 strings
Flavors: r-devel-linux-x86_64-fedora-clang, r-devel-linux-x86_64-fedora-gcc, r-patched-solaris-x86, r-release-osx-x86_64, r-oldrel-osx-x86_64