CRAN Package Check Results for Package captioner

Last updated on 2021-05-09 08:50:12 CEST.

Flavor Version Tinstall Tcheck Ttotal Status Flags
r-devel-linux-x86_64-debian-clang 2.2.3 2.07 23.01 25.08 OK
r-devel-linux-x86_64-debian-gcc 2.2.3 1.66 18.58 20.24 OK
r-devel-linux-x86_64-fedora-clang 2.2.3 40.95 OK
r-devel-linux-x86_64-fedora-gcc 2.2.3 32.22 OK
r-devel-windows-ix86+x86_64 2.2.3 5.00 44.00 49.00 OK
r-devel-windows-x86_64-gcc10-UCRT 2.2.3 OK
r-patched-linux-x86_64 2.2.3 2.24 23.23 25.47 OK
r-patched-solaris-x86 2.2.3 47.50 OK
r-release-linux-x86_64 2.2.3 2.06 22.76 24.82 OK
r-release-macos-x86_64 2.2.3 OK
r-release-windows-ix86+x86_64 2.2.3 5.00 30.00 35.00 OK
r-oldrel-macos-x86_64 2.2.3 OK
r-oldrel-windows-ix86+x86_64 2.2.3 4.00 16.00 20.00 ERROR

Check Details

Version: 2.2.3
Check: whether package can be installed
Result: ERROR
    Installation failed.
Flavor: r-oldrel-windows-ix86+x86_64