CRAN Package Check Results for Package car

Last updated on 2019-11-13 11:47:04 CET.

Flavor Version Tinstall Tcheck Ttotal Status Flags
r-devel-linux-x86_64-debian-clang 3.0-4 23.13 133.79 156.92 OK
r-devel-linux-x86_64-debian-gcc 3.0-4 18.05 99.09 117.14 OK
r-devel-linux-x86_64-fedora-clang 3.0-4 177.80 OK
r-devel-linux-x86_64-fedora-gcc 3.0-4 176.40 OK
r-devel-windows-ix86+x86_64 3.0-4 47.00 208.00 255.00 OK
r-patched-linux-x86_64 3.0-4 17.34 126.88 144.22 OK
r-patched-solaris-x86 3.0-4 218.00 OK
r-release-linux-x86_64 3.0-4 20.32 124.78 145.10 OK
r-release-windows-ix86+x86_64 3.0-4 47.00 193.00 240.00 OK
r-release-osx-x86_64 3.0-4 NOTE
r-oldrel-windows-ix86+x86_64 3.0-4 28.00 197.00 225.00 OK
r-oldrel-osx-x86_64 3.0-4 NOTE

Check Details

Version: 3.0-4
Check: dependencies in R code
Result: NOTE
    No protocol specified
Flavors: r-release-osx-x86_64, r-oldrel-osx-x86_64