CRAN Package Check Results for Package caracas

Last updated on 2020-04-01 07:50:58 CEST.

Flavor Version Tinstall Tcheck Ttotal Status Flags
r-devel-linux-x86_64-debian-clang 0.0.1 6.61 80.06 86.67 OK
r-devel-linux-x86_64-debian-gcc 0.0.1 5.82 62.83 68.65 OK
r-devel-linux-x86_64-fedora-clang 0.0.1 96.05 OK
r-devel-linux-x86_64-fedora-gcc 0.0.1 95.51 OK
r-devel-windows-ix86+x86_64 0.0.1 14.00 49.00 63.00 OK
r-devel-windows-ix86+x86_64-gcc8 0.0.1 15.00 49.00 64.00 OK
r-patched-linux-x86_64 0.0.1 6.96 78.70 85.66 OK
r-patched-solaris-x86 0.0.1 74.20 OK
r-release-linux-x86_64 0.0.1 6.35 76.04 82.39 OK
r-release-windows-ix86+x86_64 0.0.1 13.00 45.00 58.00 OK
r-release-osx-x86_64 0.0.1 ERROR
r-oldrel-windows-ix86+x86_64 0.0.1 11.00 71.00 82.00 OK
r-oldrel-osx-x86_64 0.0.1 ERROR

Check Details

Version: 0.0.1
Check: package dependencies
Result: ERROR
    Package required and available but unsuitable version: ‘reticulate’
    
    See section ‘The DESCRIPTION file’ in the ‘Writing R Extensions’
    manual.
Flavors: r-release-osx-x86_64, r-oldrel-osx-x86_64