Last updated on 2021-03-03 19:48:02 CET.
Flavor | Version | Tinstall | Tcheck | Ttotal | Status | Flags |
---|---|---|---|---|---|---|
r-devel-linux-x86_64-debian-clang | 1.4 | 87.95 | 76.32 | 164.27 | OK | |
r-devel-linux-x86_64-debian-gcc | 1.4 | 59.76 | 56.54 | 116.30 | OK | |
r-devel-linux-x86_64-fedora-clang | 1.4 | 221.30 | NOTE | |||
r-devel-linux-x86_64-fedora-gcc | 1.4 | 200.73 | OK | |||
r-devel-windows-ix86+x86_64 | 1.4 | 178.00 | 140.00 | 318.00 | OK | |
r-patched-linux-x86_64 | 1.4 | 73.26 | 69.00 | 142.26 | OK | |
r-patched-solaris-x86 | 1.4 | 209.50 | OK | |||
r-release-linux-x86_64 | 1.4 | 73.35 | 69.75 | 143.10 | OK | |
r-release-macos-x86_64 | 1.4 | NOTE | ||||
r-release-windows-ix86+x86_64 | 1.4 | 138.00 | 112.00 | 250.00 | OK | |
r-oldrel-macos-x86_64 | 1.4 | NOTE | ||||
r-oldrel-windows-ix86+x86_64 | 1.4 | 151.00 | 129.00 | 280.00 | OK |
Version: 1.4
Check: installed package size
Result: NOTE
installed size is 10.2Mb
sub-directories of 1Mb or more:
libs 9.8Mb
Flavors: r-devel-linux-x86_64-fedora-clang, r-release-macos-x86_64, r-oldrel-macos-x86_64