CRAN Package Check Results for Package carbonate

Last updated on 2022-07-02 01:48:51 CEST.

Flavor Version Tinstall Tcheck Ttotal Status Flags
r-devel-linux-x86_64-debian-clang 0.1.3 5.00 51.49 56.49 NOTE
r-devel-linux-x86_64-debian-gcc 0.1.3 4.61 38.51 43.12 NOTE
r-devel-linux-x86_64-fedora-clang 0.1.3 80.22 NOTE
r-devel-linux-x86_64-fedora-gcc 0.1.3 76.17 NOTE
r-devel-windows-x86_64 0.1.3 27.00 79.00 106.00 NOTE
r-patched-linux-x86_64 0.1.3 5.48 47.75 53.23 NOTE
r-release-linux-x86_64 0.1.3 4.42 48.37 52.79 NOTE
r-release-macos-arm64 0.1.3 29.00 NOTE
r-release-macos-x86_64 0.1.3 46.00 NOTE
r-release-windows-x86_64 0.1.3 39.00 83.00 122.00 NOTE
r-oldrel-macos-arm64 0.1.3 29.00 NOTE
r-oldrel-macos-x86_64 0.1.3 39.00 NOTE
r-oldrel-windows-ix86+x86_64 0.1.3 14.00 70.00 84.00 NOTE

Check Details

Version: 0.1.3
Check: LazyData
Result: NOTE
     'LazyData' is specified without a 'data' directory
Flavors: r-devel-linux-x86_64-debian-clang, r-devel-linux-x86_64-debian-gcc, r-devel-linux-x86_64-fedora-clang, r-devel-linux-x86_64-fedora-gcc, r-devel-windows-x86_64, r-patched-linux-x86_64, r-release-linux-x86_64, r-release-macos-arm64, r-release-macos-x86_64, r-release-windows-x86_64, r-oldrel-macos-arm64, r-oldrel-macos-x86_64, r-oldrel-windows-ix86+x86_64

Version: 0.1.3
Check: dependencies in R code
Result: NOTE
    Namespace in Imports field not imported from: ‘details’
     All declared Imports should be used.
Flavors: r-devel-linux-x86_64-fedora-clang, r-devel-linux-x86_64-fedora-gcc, r-release-macos-arm64, r-release-macos-x86_64, r-oldrel-macos-arm64, r-oldrel-macos-x86_64