CRAN Package Check Results for Package card

Last updated on 2024-03-04 14:59:01 CET.

Flavor Version Tinstall Tcheck Ttotal Status Flags
r-devel-linux-x86_64-debian-clang 0.1.0 10.58 133.70 144.28 NOTE
r-devel-linux-x86_64-debian-gcc 0.1.0 8.36 101.99 110.35 NOTE
r-devel-linux-x86_64-fedora-clang 0.1.0 179.59 NOTE
r-devel-linux-x86_64-fedora-gcc 0.1.0 187.96 NOTE
r-devel-windows-x86_64 0.1.0 11.00 120.00 131.00 NOTE
r-patched-linux-x86_64 0.1.0 7.14 131.38 138.52 NOTE
r-release-linux-x86_64 0.1.0 7.88 132.18 140.06 NOTE
r-release-macos-arm64 0.1.0 63.00 NOTE
r-release-macos-x86_64 0.1.0 101.00 NOTE
r-release-windows-x86_64 0.1.0 15.00 145.00 160.00 NOTE
r-oldrel-macos-arm64 0.1.0 53.00 NOTE
r-oldrel-windows-x86_64 0.1.0 15.00 145.00 160.00 OK

Check Details

Version: 0.1.0
Check: package subdirectories
Result: NOTE Problems with news in ‘NEWS.md’: No news entries found. Flavors: r-devel-linux-x86_64-debian-clang, r-devel-linux-x86_64-debian-gcc, r-devel-linux-x86_64-fedora-clang, r-devel-linux-x86_64-fedora-gcc, r-devel-windows-x86_64, r-patched-linux-x86_64, r-release-linux-x86_64, r-release-macos-arm64, r-release-macos-x86_64, r-release-windows-x86_64

Version: 0.1.0
Check: Rd files
Result: NOTE checkRd: (-1) zipcode.Rd:14: Lost braces; missing escapes or markup? 14 | This is a dataset from the archived/orphaned {zipcode} package. | ^ Flavors: r-devel-linux-x86_64-debian-clang, r-devel-linux-x86_64-debian-gcc, r-devel-linux-x86_64-fedora-clang, r-devel-linux-x86_64-fedora-gcc, r-devel-windows-x86_64

Version: 0.1.0
Check: dependencies in R code
Result: NOTE Namespaces in Imports field not imported from: ‘Hmisc’ ‘methods’ ‘readr’ ‘recipes’ ‘sf’ ‘stringr’ ‘utils’ All declared Imports should be used. Flavors: r-devel-linux-x86_64-fedora-clang, r-devel-linux-x86_64-fedora-gcc, r-oldrel-macos-arm64