CRAN Package Check Results for Package cardidates

Last updated on 2020-10-01 03:48:29 CEST.

Flavor Version Tinstall Tcheck Ttotal Status Flags
r-devel-linux-x86_64-debian-clang 0.4.8 3.61 44.07 47.68 OK
r-devel-linux-x86_64-debian-gcc 0.4.8 0.31 1.99 2.30 ERROR
r-devel-linux-x86_64-fedora-clang 0.4.8 66.18 OK
r-devel-linux-x86_64-fedora-gcc 0.4.8 65.98 OK
r-devel-windows-ix86+x86_64 0.4.8 7.00 78.00 85.00 OK
r-patched-linux-x86_64 0.4.8 3.01 42.77 45.78 OK
r-patched-solaris-x86 0.4.8 92.70 OK
r-release-linux-x86_64 0.4.8 3.30 42.33 45.63 OK
r-release-macos-x86_64 0.4.8 OK
r-release-windows-ix86+x86_64 0.4.8 20.00 73.00 93.00 OK
r-oldrel-macos-x86_64 0.4.8 OK
r-oldrel-windows-ix86+x86_64 0.4.8 6.00 83.00 89.00 OK

Check Details

Version: 0.4.8
Check: whether package can be installed
Result: ERROR
    Installation failed.
Flavor: r-devel-linux-x86_64-debian-gcc