CRAN Package Check Results for Package cardidates

Last updated on 2020-01-27 00:47:59 CET.

Flavor Version Tinstall Tcheck Ttotal Status Flags
r-devel-linux-x86_64-debian-clang 0.4.8 3.62 49.07 52.69 OK
r-devel-linux-x86_64-debian-gcc 0.4.8 0.38 2.01 2.39 ERROR
r-devel-linux-x86_64-fedora-clang 0.4.8 3.45 ERROR
r-devel-linux-x86_64-fedora-gcc 0.4.8 1.67 ERROR
r-devel-windows-ix86+x86_64 0.4.8 13.00 97.00 110.00 OK
r-devel-windows-ix86+x86_64-gcc8 0.4.8 12.00 90.00 102.00 OK
r-patched-linux-x86_64 0.4.8 2.44 45.69 48.13 OK
r-patched-solaris-x86 0.4.8 82.80 OK
r-release-linux-x86_64 0.4.8 2.96 45.92 48.88 OK
r-release-windows-ix86+x86_64 0.4.8 6.00 66.00 72.00 OK
r-release-osx-x86_64 0.4.8 OK
r-oldrel-windows-ix86+x86_64 0.4.8 5.00 107.00 112.00 OK
r-oldrel-osx-x86_64 0.4.8 OK

Check Details

Version: 0.4.8
Check: whether package can be installed
Result: ERROR
    Installation failed.
Flavors: r-devel-linux-x86_64-debian-gcc, r-devel-linux-x86_64-fedora-clang, r-devel-linux-x86_64-fedora-gcc