CRAN Package Check Results for Package cascadess

Last updated on 2021-04-12 19:49:13 CEST.

Flavor Version Tinstall Tcheck Ttotal Status Flags
r-devel-linux-x86_64-debian-clang 0.1.0 3.29 39.76 43.05 NOTE
r-devel-linux-x86_64-debian-gcc 0.1.0 2.41 30.99 33.40 NOTE
r-devel-linux-x86_64-fedora-clang 0.1.0 59.30 NOTE
r-devel-linux-x86_64-fedora-gcc 0.1.0 49.28 NOTE
r-devel-windows-ix86+x86_64 0.1.0 9.00 64.00 73.00 NOTE
r-devel-windows-x86_64-gcc10-UCRT 0.1.0 NOTE
r-patched-linux-x86_64 0.1.0 2.84 37.82 40.66 OK
r-patched-solaris-x86 0.1.0 80.90 OK
r-release-linux-x86_64 0.1.0 3.00 37.75 40.75 OK
r-release-macos-x86_64 0.1.0 OK
r-release-windows-ix86+x86_64 0.1.0 7.00 67.00 74.00 OK
r-oldrel-macos-x86_64 0.1.0 OK
r-oldrel-windows-ix86+x86_64 0.1.0 8.00 44.00 52.00 OK

Check Details

Version: 0.1.0
Check: LazyData
Result: NOTE
     'LazyData' is specified without a 'data' directory
Flavors: r-devel-linux-x86_64-debian-clang, r-devel-linux-x86_64-debian-gcc, r-devel-linux-x86_64-fedora-clang, r-devel-linux-x86_64-fedora-gcc, r-devel-windows-ix86+x86_64, r-devel-windows-x86_64-gcc10-UCRT