CRAN Package Check Results for Package cascsim

Last updated on 2019-12-15 12:47:11 CET.

Flavor Version Tinstall Tcheck Ttotal Status Flags
r-devel-linux-x86_64-debian-clang 0.3 17.60 143.67 161.27 NOTE
r-devel-linux-x86_64-debian-gcc 0.3 14.54 113.31 127.85 NOTE
r-devel-linux-x86_64-fedora-clang 0.3 194.91 OK
r-devel-linux-x86_64-fedora-gcc 0.3 189.33 OK
r-devel-windows-ix86+x86_64 0.3 30.00 220.00 250.00 NOTE
r-devel-windows-ix86+x86_64-gcc8 0.3 42.00 229.00 271.00 NOTE
r-patched-linux-x86_64 0.3 15.70 131.41 147.11 OK
r-patched-solaris-x86 0.3 255.60 OK
r-release-linux-x86_64 0.3 16.97 132.56 149.53 OK
r-release-windows-ix86+x86_64 0.3 27.00 153.00 180.00 OK
r-release-osx-x86_64 0.3 OK
r-oldrel-windows-ix86+x86_64 0.3 18.00 140.00 158.00 OK
r-oldrel-osx-x86_64 0.3 OK

Additional issues

noLD

Check Details

Version: 0.3
Check: package vignettes
Result: NOTE
    Package vignette with placeholder title 'Vignette Title':
     'cascsim.Rmd'
Flavors: r-devel-linux-x86_64-debian-clang, r-devel-linux-x86_64-debian-gcc, r-devel-windows-ix86+x86_64, r-devel-windows-ix86+x86_64-gcc8