CRAN Package Check Results for Package casino

Last updated on 2019-05-24 16:47:30 CEST.

Flavor Version Tinstall Tcheck Ttotal Status Flags
r-devel-linux-x86_64-debian-clang 0.1.0 7.77 45.18 52.95 OK
r-devel-linux-x86_64-debian-gcc 0.1.0 6.06 35.67 41.73 OK
r-devel-linux-x86_64-fedora-clang 0.1.0 62.92 NOTE
r-devel-linux-x86_64-fedora-gcc 0.1.0 58.69 NOTE
r-devel-windows-ix86+x86_64 0.1.0 13.00 54.00 67.00 OK
r-patched-linux-x86_64 0.1.0 6.57 43.75 50.32 OK
r-patched-solaris-x86 0.1.0 79.60 NOTE
r-release-linux-x86_64 0.1.0 7.85 43.91 51.76 OK
r-release-windows-ix86+x86_64 0.1.0 23.00 76.00 99.00 OK
r-release-osx-x86_64 0.1.0 NOTE
r-oldrel-windows-ix86+x86_64 0.1.0 12.00 51.00 63.00 OK
r-oldrel-osx-x86_64 0.1.0 NOTE

Check Details

Version: 0.1.0
Check: dependencies in R code
Result: NOTE
    Namespaces in Imports field not imported from:
     ‘R6’ ‘crayon’ ‘dplyr’ ‘tidyr’
     All declared Imports should be used.
Flavors: r-devel-linux-x86_64-fedora-clang, r-devel-linux-x86_64-fedora-gcc, r-patched-solaris-x86, r-release-osx-x86_64, r-oldrel-osx-x86_64