CRAN Package Check Results for Package casino

Last updated on 2019-08-20 22:47:12 CEST.

Flavor Version Tinstall Tcheck Ttotal Status Flags
r-devel-linux-x86_64-debian-clang 0.1.0 7.24 45.33 52.57 OK
r-devel-linux-x86_64-debian-gcc 0.1.0 6.44 35.48 41.92 OK
r-devel-linux-x86_64-fedora-clang 0.1.0 65.27 NOTE
r-devel-linux-x86_64-fedora-gcc 0.1.0 61.60 NOTE
r-devel-windows-ix86+x86_64 0.1.0 18.00 87.00 105.00 OK
r-patched-linux-x86_64 0.1.0 6.52 43.61 50.13 OK
r-patched-solaris-x86 0.1.0 83.30 NOTE
r-release-linux-x86_64 0.1.0 8.69 43.66 52.35 OK
r-release-windows-ix86+x86_64 0.1.0 14.00 53.00 67.00 OK
r-release-osx-x86_64 0.1.0 NOTE
r-oldrel-windows-ix86+x86_64 0.1.0 16.00 80.00 96.00 OK
r-oldrel-osx-x86_64 0.1.0 NOTE

Check Details

Version: 0.1.0
Check: dependencies in R code
Result: NOTE
    Namespaces in Imports field not imported from:
     ‘R6’ ‘crayon’ ‘dplyr’ ‘tidyr’
     All declared Imports should be used.
Flavors: r-devel-linux-x86_64-fedora-clang, r-devel-linux-x86_64-fedora-gcc, r-patched-solaris-x86, r-release-osx-x86_64, r-oldrel-osx-x86_64