Last updated on 2023-01-30 04:52:16 CET.
Flavor | Version | Tinstall | Tcheck | Ttotal | Status | Flags |
---|---|---|---|---|---|---|
r-devel-linux-x86_64-debian-clang | 1.7.6 | 135.46 | 207.55 | 343.01 | OK | |
r-devel-linux-x86_64-debian-gcc | 1.7.6 | 149.97 | 153.43 | 303.40 | NOTE | |
r-devel-linux-x86_64-fedora-clang | 1.7.6 | 471.23 | OK | |||
r-devel-linux-x86_64-fedora-gcc | 1.7.6 | 539.36 | NOTE | |||
r-devel-windows-x86_64 | 1.7.6 | 230.00 | 301.00 | 531.00 | NOTE | |
r-patched-linux-x86_64 | 1.7.6 | 147.87 | 189.65 | 337.52 | OK | |
r-release-linux-x86_64 | 1.7.6 | 151.25 | 188.83 | 340.08 | OK | |
r-release-macos-arm64 | 1.7.6 | 105.00 | NOTE | |||
r-release-macos-x86_64 | 1.7.6 | 133.00 | NOTE | |||
r-release-windows-x86_64 | 1.7.6 | 190.00 | 292.00 | 482.00 | OK | |
r-oldrel-macos-arm64 | 1.7.6 | 109.00 | NOTE | |||
r-oldrel-macos-x86_64 | 1.7.6 | 136.00 | NOTE | |||
r-oldrel-windows-ix86+x86_64 | 1.7.6 | 301.00 | 291.00 | 592.00 | NOTE |
Version: 1.7.6
Check: C++ specification
Result: NOTE
Specified C++11: please update to current default of C++17
Flavors: r-devel-linux-x86_64-debian-gcc, r-devel-linux-x86_64-fedora-gcc, r-devel-windows-x86_64
Version: 1.7.6
Check: installed package size
Result: NOTE
installed size is 20.7Mb
sub-directories of 1Mb or more:
R 1.0Mb
libs 18.8Mb
Flavors: r-release-macos-arm64, r-release-macos-x86_64, r-oldrel-macos-arm64, r-oldrel-macos-x86_64, r-oldrel-windows-ix86+x86_64