CRAN Package Check Results for Package cat2cat

Last updated on 2024-02-25 19:49:52 CET.

Flavor Version Tinstall Tcheck Ttotal Status Flags
r-devel-linux-x86_64-debian-clang 0.4.7 5.13 275.86 280.99 OK
r-devel-linux-x86_64-debian-gcc 0.4.7 3.68 209.72 213.40 OK
r-devel-linux-x86_64-fedora-clang 0.4.7 338.48 OK
r-devel-linux-x86_64-fedora-gcc 0.4.7 355.32 OK
r-devel-windows-x86_64 0.4.7 6.00 223.00 229.00 OK
r-patched-linux-x86_64 0.4.7 5.70 263.70 269.40 OK
r-release-linux-x86_64 0.4.7 4.81 267.80 272.61 OK
r-release-macos-arm64 0.4.7 116.00 OK
r-release-macos-x86_64 0.4.7 346.00 NOTE
r-release-windows-x86_64 0.4.7 6.00 280.00 286.00 OK
r-oldrel-macos-arm64 0.4.7 114.00 OK
r-oldrel-windows-x86_64 0.4.7 9.00 278.00 287.00 OK

Check Details

Version: 0.4.7
Check: installed package size
Result: NOTE installed size is 5.5Mb sub-directories of 1Mb or more: data 3.1Mb doc 2.1Mb Flavor: r-release-macos-x86_64