CRAN Package Check Results for Package catchr

Last updated on 2020-04-06 01:47:46 CEST.

Flavor Version Tinstall Tcheck Ttotal Status Flags
r-devel-linux-x86_64-debian-clang 0.2.2 3.46 35.97 39.43 OK
r-devel-linux-x86_64-debian-gcc 0.2.2 0.26 2.24 2.50 ERROR
r-devel-linux-x86_64-fedora-clang 0.2.2 48.02 OK
r-devel-linux-x86_64-fedora-gcc 0.2.2 47.01 OK
r-devel-windows-ix86+x86_64 0.2.2 7.00 58.00 65.00 OK
r-devel-windows-ix86+x86_64-gcc8 0.2.2 8.00 54.00 62.00 OK
r-patched-linux-x86_64 0.2.2 3.43 35.19 38.62 OK
r-patched-solaris-x86 0.2.2 68.90 OK
r-release-linux-x86_64 0.2.2 2.76 32.58 35.34 OK
r-release-windows-ix86+x86_64 0.2.2 6.00 86.00 92.00 OK
r-release-osx-x86_64 0.2.2 OK
r-oldrel-windows-ix86+x86_64 0.2.2 5.00 56.00 61.00 OK
r-oldrel-osx-x86_64 0.2.2 OK

Check Details

Version: 0.2.2
Check: whether package can be installed
Result: ERROR
    Installation failed.
Flavor: r-devel-linux-x86_64-debian-gcc