CRAN Package Check Results for Package catcont

Last updated on 2021-10-25 12:59:21 CEST.

Flavor Version Tinstall Tcheck Ttotal Status Flags
r-devel-linux-x86_64-debian-clang 0.5.0 3.71 41.09 44.80 NOTE
r-devel-linux-x86_64-debian-gcc 0.5.0 3.04 31.05 34.09 NOTE
r-devel-linux-x86_64-fedora-clang 0.5.0 64.81 NOTE
r-devel-linux-x86_64-fedora-gcc 0.5.0 53.23 NOTE
r-devel-windows-x86_64 0.5.0 7.00 59.00 66.00 NOTE
r-devel-windows-x86_64-gcc10-UCRT 0.5.0 NOTE
r-patched-linux-x86_64 0.5.0 3.84 38.26 42.10 NOTE
r-patched-solaris-x86 0.5.0 78.50 NOTE
r-release-linux-x86_64 0.5.0 3.88 38.04 41.92 NOTE
r-release-macos-arm64 0.5.0 NOTE
r-release-macos-x86_64 0.5.0 NOTE
r-release-windows-ix86+x86_64 0.5.0 8.00 59.00 67.00 NOTE
r-oldrel-macos-x86_64 0.5.0 OK
r-oldrel-windows-ix86+x86_64 0.5.0 11.00 60.00 71.00 OK

Check Details

Version: 0.5.0
Check: LazyData
Result: NOTE
     'LazyData' is specified without a 'data' directory
Flavors: r-devel-linux-x86_64-debian-clang, r-devel-linux-x86_64-debian-gcc, r-devel-linux-x86_64-fedora-clang, r-devel-linux-x86_64-fedora-gcc, r-devel-windows-x86_64, r-devel-windows-x86_64-gcc10-UCRT, r-patched-linux-x86_64, r-patched-solaris-x86, r-release-linux-x86_64, r-release-macos-arm64, r-release-macos-x86_64, r-release-windows-ix86+x86_64