CRAN Package Check Results for Package cati

Last updated on 2020-11-27 09:50:21 CET.

Flavor Version Tinstall Tcheck Ttotal Status Flags
r-devel-linux-x86_64-debian-clang 0.99.3 27.83 178.91 206.74 NOTE
r-devel-linux-x86_64-debian-gcc 0.99.3 19.17 137.25 156.42 NOTE
r-devel-linux-x86_64-fedora-clang 0.99.3 256.87 NOTE
r-devel-linux-x86_64-fedora-gcc 0.99.3 249.60 NOTE
r-devel-windows-ix86+x86_64 0.99.3 49.00 188.00 237.00 OK
r-patched-linux-x86_64 0.99.3 21.68 168.51 190.19 NOTE
r-patched-solaris-x86 0.99.3 337.00 NOTE
r-release-linux-x86_64 0.99.3 24.77 167.77 192.54 NOTE
r-release-macos-x86_64 0.99.3 NOTE
r-release-windows-ix86+x86_64 0.99.3 52.00 157.00 209.00 OK
r-oldrel-macos-x86_64 0.99.3 WARN
r-oldrel-windows-ix86+x86_64 0.99.3 39.00 179.00 218.00 OK

Check Details

Version: 0.99.3
Check: package dependencies
Result: NOTE
    Package suggested but not available for checking: 'spacodiR'
Flavors: r-devel-linux-x86_64-debian-clang, r-devel-linux-x86_64-debian-gcc, r-devel-linux-x86_64-fedora-clang, r-devel-linux-x86_64-fedora-gcc, r-patched-linux-x86_64, r-patched-solaris-x86, r-release-linux-x86_64, r-release-macos-x86_64

Version: 0.99.3
Check: whether package can be installed
Result: WARN
    Found the following significant warnings:
     Warning: 'rgl.init' failed, running with 'rgl.useNULL = TRUE'.
Flavor: r-oldrel-macos-x86_64