CRAN Package Check Results for Package catmap

Last updated on 2020-07-12 05:47:27 CEST.

Flavor Version Tinstall Tcheck Ttotal Status Flags
r-devel-linux-x86_64-debian-clang 1.6.4 2.98 31.37 34.35 NOTE
r-devel-linux-x86_64-debian-gcc 1.6.4 2.33 24.44 26.77 NOTE
r-devel-linux-x86_64-fedora-clang 1.6.4 50.64 NOTE
r-devel-linux-x86_64-fedora-gcc 1.6.4 40.74 NOTE
r-devel-windows-ix86+x86_64 1.6.4 7.00 53.00 60.00 OK
r-patched-linux-x86_64 1.6.4 2.89 31.27 34.16 NOTE
r-patched-solaris-x86 1.6.4 62.00 NOTE
r-release-linux-x86_64 1.6.4 3.10 30.97 34.07 NOTE
r-release-macos-x86_64 1.6.4 OK
r-release-windows-ix86+x86_64 1.6.4 7.00 54.00 61.00 OK
r-oldrel-macos-x86_64 1.6.4 OK
r-oldrel-windows-ix86+x86_64 1.6.4 6.00 39.00 45.00 OK

Check Details

Version: 1.6.4
Check: for non-standard things in the check directory
Result: NOTE
    Found the following files/directories:
     'catmapdata.fixed.effects.plot.pdf' 'catmapdata.funnel.plot.pdf'
     'catmapdata.output.txt' 'catmapdata.random.effects.plot.pdf'
Flavors: r-devel-linux-x86_64-debian-clang, r-devel-linux-x86_64-debian-gcc, r-devel-linux-x86_64-fedora-clang, r-devel-linux-x86_64-fedora-gcc, r-patched-linux-x86_64, r-patched-solaris-x86, r-release-linux-x86_64