CRAN Package Check Results for Package catmap

Last updated on 2020-09-24 13:50:00 CEST.

Flavor Version Tinstall Tcheck Ttotal Status Flags
r-devel-linux-x86_64-debian-clang 1.6.4 2.78 31.99 34.77 NOTE
r-devel-linux-x86_64-debian-gcc 1.6.4 2.21 25.01 27.22 NOTE
r-devel-linux-x86_64-fedora-clang 1.6.4 50.31 NOTE
r-devel-linux-x86_64-fedora-gcc 1.6.4 41.00 NOTE
r-devel-windows-ix86+x86_64 1.6.4 6.00 49.00 55.00 OK
r-patched-linux-x86_64 1.6.4 3.20 31.20 34.40 NOTE
r-patched-solaris-x86 1.6.4 63.70 NOTE
r-release-linux-x86_64 1.6.4 2.96 30.83 33.79 NOTE
r-release-macos-x86_64 1.6.4 OK
r-release-windows-ix86+x86_64 1.6.4 5.00 51.00 56.00 OK
r-oldrel-macos-x86_64 1.6.4 OK
r-oldrel-windows-ix86+x86_64 1.6.4 4.00 52.00 56.00 OK

Check Details

Version: 1.6.4
Check: for non-standard things in the check directory
Result: NOTE
    Found the following files/directories:
     'catmapdata.fixed.effects.plot.pdf' 'catmapdata.funnel.plot.pdf'
     'catmapdata.output.txt' 'catmapdata.random.effects.plot.pdf'
Flavors: r-devel-linux-x86_64-debian-clang, r-devel-linux-x86_64-debian-gcc, r-devel-linux-x86_64-fedora-clang, r-devel-linux-x86_64-fedora-gcc, r-patched-linux-x86_64, r-patched-solaris-x86, r-release-linux-x86_64