Last updated on 2023-02-04 02:49:49 CET.
Flavor | Version | Tinstall | Tcheck | Ttotal | Status | Flags |
---|---|---|---|---|---|---|
r-devel-linux-x86_64-debian-clang | 0.9.3 | 5.90 | 131.15 | 137.05 | OK | |
r-devel-linux-x86_64-debian-gcc | 0.9.3 | 4.79 | 111.21 | 116.00 | OK | |
r-devel-linux-x86_64-fedora-clang | 0.9.3 | 172.41 | NOTE | |||
r-devel-linux-x86_64-fedora-gcc | 0.9.3 | 166.26 | OK | |||
r-devel-windows-x86_64 | 0.9.3 | 34.00 | 225.00 | 259.00 | NOTE | |
r-patched-linux-x86_64 | 0.9.3 | 5.50 | 128.01 | 133.51 | OK | |
r-release-linux-x86_64 | 0.9.3 | 6.64 | 131.87 | 138.51 | OK | |
r-release-macos-arm64 | 0.9.3 | 72.00 | NOTE | |||
r-release-macos-x86_64 | 0.9.3 | 87.00 | NOTE | |||
r-release-windows-x86_64 | 0.9.3 | 38.00 | 226.00 | 264.00 | NOTE | |
r-oldrel-macos-arm64 | 0.9.3 | 73.00 | NOTE | |||
r-oldrel-macos-x86_64 | 0.9.3 | 91.00 | NOTE | |||
r-oldrel-windows-ix86+x86_64 | 0.9.3 | 13.00 | 161.00 | 174.00 | NOTE |
Version: 0.9.3
Check: installed package size
Result: NOTE
installed size is 38.0Mb
sub-directories of 1Mb or more:
doc 37.7Mb
Flavors: r-devel-linux-x86_64-fedora-clang, r-devel-windows-x86_64, r-release-macos-arm64, r-release-macos-x86_64, r-release-windows-x86_64, r-oldrel-macos-arm64, r-oldrel-macos-x86_64, r-oldrel-windows-ix86+x86_64