CRAN Package Check Results for Package cats

Last updated on 2022-06-30 18:49:44 CEST.

Flavor Version Tinstall Tcheck Ttotal Status Flags
r-devel-linux-x86_64-debian-clang 1.0.2 3.66 42.97 46.63 OK
r-devel-linux-x86_64-debian-gcc 1.0.2 2.94 32.92 35.86 OK
r-devel-linux-x86_64-fedora-clang 1.0.2 67.42 NOTE
r-devel-linux-x86_64-fedora-gcc 1.0.2 66.78 NOTE
r-devel-windows-x86_64 1.0.2 13.00 63.00 76.00 OK
r-patched-linux-x86_64 1.0.2 4.29 42.74 47.03 OK
r-release-linux-x86_64 1.0.2 3.09 42.62 45.71 OK
r-release-macos-arm64 1.0.2 21.00 NOTE
r-release-macos-x86_64 1.0.2 33.00 NOTE
r-release-windows-x86_64 1.0.2 9.00 63.00 72.00 OK
r-oldrel-macos-arm64 1.0.2 17.00 NOTE
r-oldrel-macos-x86_64 1.0.2 25.00 NOTE
r-oldrel-windows-ix86+x86_64 1.0.2 8.00 60.00 68.00 OK

Check Details

Version: 1.0.2
Check: package dependencies
Result: NOTE
    Suggests orphaned package: ‘gtools’
Flavors: r-devel-linux-x86_64-fedora-clang, r-devel-linux-x86_64-fedora-gcc

Version: 1.0.2
Check: dependencies in R code
Result: NOTE
    Namespaces in Imports field not imported from:
     ‘epitools’ ‘forcats’ ‘purrr’
     All declared Imports should be used.
Flavors: r-devel-linux-x86_64-fedora-clang, r-devel-linux-x86_64-fedora-gcc, r-release-macos-arm64, r-release-macos-x86_64, r-oldrel-macos-arm64, r-oldrel-macos-x86_64