CRAN Package Check Results for Package catsim

Last updated on 2024-02-29 07:52:30 CET.

Flavor Version Tinstall Tcheck Ttotal Status Flags
r-devel-linux-x86_64-debian-clang 0.2.3 51.50 187.60 239.10 OK
r-devel-linux-x86_64-debian-gcc 0.2.3 46.63 133.21 179.84 OK
r-devel-linux-x86_64-fedora-clang 0.2.3 294.02 OK
r-devel-linux-x86_64-fedora-gcc 0.2.3 315.35 OK
r-devel-windows-x86_64 0.2.3 43.00 178.00 221.00 OK
r-patched-linux-x86_64 0.2.3 55.77 184.92 240.69 OK
r-release-linux-x86_64 0.2.3 49.84 182.34 232.18 OK
r-release-macos-arm64 0.2.3 102.00 NOTE
r-release-macos-x86_64 0.2.3 161.00 NOTE
r-release-windows-x86_64 0.2.3 55.00 208.00 263.00 OK
r-oldrel-macos-arm64 0.2.3 85.00 NOTE
r-oldrel-windows-x86_64 0.2.3 51.00 214.00 265.00 OK

Additional issues

noRemap

Check Details

Version: 0.2.3
Check: installed package size
Result: NOTE installed size is 6.9Mb sub-directories of 1Mb or more: libs 6.7Mb Flavors: r-release-macos-arm64, r-release-macos-x86_64, r-oldrel-macos-arm64