CRAN Package Check Results for Package catsim

Last updated on 2023-03-25 16:49:38 CET.

Flavor Version Tinstall Tcheck Ttotal Status Flags
r-devel-linux-x86_64-debian-clang 0.2.3 52.58 191.62 244.20 OK
r-devel-linux-x86_64-debian-gcc 0.2.3 43.02 137.08 180.10 OK
r-devel-linux-x86_64-fedora-gcc 0.2.3 318.16 OK
r-patched-linux-x86_64 0.2.3 29.73 161.88 191.61 OK
r-release-linux-x86_64 0.2.3 32.37 185.44 217.81 OK
r-release-macos-arm64 0.2.3 85.00 NOTE
r-release-macos-x86_64 0.2.3 169.00 NOTE
r-release-windows-x86_64 0.2.3 53.00 247.00 300.00 OK
r-oldrel-macos-arm64 0.2.3 105.00 NOTE
r-oldrel-macos-x86_64 0.2.3 132.00 NOTE
r-oldrel-windows-ix86+x86_64 0.2.3 119.00 299.00 418.00 OK

Check Details

Version: 0.2.3
Check: installed package size
Result: NOTE
     installed size is 6.4Mb
     sub-directories of 1Mb or more:
     libs 6.2Mb
Flavors: r-release-macos-arm64, r-release-macos-x86_64, r-oldrel-macos-arm64, r-oldrel-macos-x86_64