CRAN Package Check Results for Package causalDisco

Last updated on 2022-12-04 06:49:14 CET.

Flavor Version Tinstall Tcheck Ttotal Status Flags
r-devel-linux-x86_64-debian-clang 0.9.1 8.72 80.93 89.65 NOTE
r-devel-linux-x86_64-debian-gcc 0.9.1 6.10 61.82 67.92 NOTE
r-devel-linux-x86_64-fedora-clang 0.9.1 127.07 NOTE
r-devel-linux-x86_64-fedora-gcc 0.9.1 127.56 NOTE
r-devel-windows-x86_64 0.9.1 41.00 112.00 153.00 NOTE
r-patched-linux-x86_64 0.9.1 6.79 78.90 85.69 OK
r-release-linux-x86_64 0.9.1 9.57 78.16 87.73 OK
r-release-macos-arm64 0.9.1 35.00 OK
r-release-macos-x86_64 0.9.1 47.00 OK
r-release-windows-x86_64 0.9.1 25.00 110.00 135.00 OK
r-oldrel-macos-arm64 0.9.1 34.00 OK
r-oldrel-macos-x86_64 0.9.1 44.00 OK
r-oldrel-windows-ix86+x86_64 0.9.1 21.00 98.00 119.00 OK

Check Details

Version: 0.9.1
Check: Rd files
Result: NOTE
    checkRd: (-1) tpcExample.Rd:30: Escaped LaTeX specials: \&
Flavors: r-devel-linux-x86_64-debian-clang, r-devel-linux-x86_64-debian-gcc, r-devel-linux-x86_64-fedora-clang, r-devel-linux-x86_64-fedora-gcc, r-devel-windows-x86_64

Version: 0.9.1
Check: Rd cross-references
Result: NOTE
    Undeclared package ‘graph’ in Rd xrefs
Flavor: r-devel-linux-x86_64-fedora-clang