CRAN Package Check Results for Package causalDisco

Last updated on 2022-08-19 09:52:09 CEST.

Flavor Version Tinstall Tcheck Ttotal Status Flags
r-devel-linux-x86_64-debian-clang 0.9.1 8.56 79.31 87.87 NOTE
r-devel-linux-x86_64-debian-gcc 0.9.1 5.58 61.06 66.64 NOTE
r-devel-linux-x86_64-fedora-clang 0.9.1 118.08 NOTE
r-devel-linux-x86_64-fedora-gcc 0.9.1 117.41 NOTE
r-devel-windows-x86_64 0.9.1 47.00 110.00 157.00 NOTE
r-patched-linux-x86_64 0.9.1 8.78 76.41 85.19 OK
r-release-linux-x86_64 0.9.1 OK
r-release-macos-arm64 0.9.1 35.00 OK
r-release-macos-x86_64 0.9.1 47.00 OK
r-release-windows-x86_64 0.9.1 42.00 102.00 144.00 OK
r-oldrel-macos-arm64 0.9.1 34.00 OK
r-oldrel-macos-x86_64 0.9.1 44.00 OK
r-oldrel-windows-ix86+x86_64 0.9.1 20.00 93.00 113.00 OK

Check Details

Version: 0.9.1
Check: Rd files
Result: NOTE
    checkRd: (-1) tpcExample.Rd:30: Escaped LaTeX specials: \&
Flavors: r-devel-linux-x86_64-debian-clang, r-devel-linux-x86_64-debian-gcc, r-devel-linux-x86_64-fedora-clang, r-devel-linux-x86_64-fedora-gcc, r-devel-windows-x86_64

Version: 0.9.1
Check: Rd cross-references
Result: NOTE
    Undeclared package ‘graph’ in Rd xrefs
Flavor: r-devel-linux-x86_64-fedora-clang