CRAN Package Check Results for Package causaldata

Last updated on 2021-10-28 06:48:24 CEST.

Flavor Version Tinstall Tcheck Ttotal Status Flags
r-devel-linux-x86_64-debian-clang 0.1.1 6.09 36.07 42.16 OK
r-devel-linux-x86_64-debian-gcc 0.1.1 5.22 29.40 34.62 OK
r-devel-linux-x86_64-fedora-clang 0.1.1 63.14 NOTE
r-devel-linux-x86_64-fedora-gcc 0.1.1 54.55 NOTE
r-devel-windows-x86_64 0.1.1 11.00 54.00 65.00 OK
r-devel-windows-x86_64-gcc10-UCRT 0.1.1 NOTE
r-patched-linux-x86_64 0.1.1 7.43 35.17 42.60 OK
r-patched-solaris-x86 0.1.1 82.30 NOTE
r-release-linux-x86_64 0.1.1 7.20 35.11 42.31 OK
r-release-macos-arm64 0.1.1 NOTE
r-release-macos-x86_64 0.1.1 NOTE
r-release-windows-ix86+x86_64 0.1.1 10.00 56.00 66.00 OK
r-oldrel-macos-x86_64 0.1.1 NOTE
r-oldrel-windows-ix86+x86_64 0.1.1 9.00 55.00 64.00 OK

Check Details

Version: 0.1.1
Check: data for non-ASCII characters
Result: NOTE
     Note: found 32 marked UTF-8 strings
Flavors: r-devel-linux-x86_64-fedora-clang, r-devel-linux-x86_64-fedora-gcc, r-devel-windows-x86_64-gcc10-UCRT, r-patched-solaris-x86, r-release-macos-arm64, r-release-macos-x86_64, r-oldrel-macos-x86_64