CRAN Package Check Results for Package causalweight

Last updated on 2020-12-02 20:47:43 CET.

Flavor Version Tinstall Tcheck Ttotal Status Flags
r-devel-linux-x86_64-debian-clang 0.2.1 16.39 116.34 132.73 OK
r-devel-linux-x86_64-debian-gcc 0.2.1 14.45 90.04 104.49 OK
r-devel-linux-x86_64-fedora-clang 1.0.0 174.13 NOTE
r-devel-linux-x86_64-fedora-gcc 0.2.1 156.74 OK
r-devel-windows-ix86+x86_64 0.2.1 31.00 145.00 176.00 OK
r-patched-linux-x86_64 0.2.1 16.57 108.80 125.37 OK
r-patched-solaris-x86 1.0.0 198.30 NOTE
r-release-linux-x86_64 0.2.1 14.42 108.65 123.07 OK
r-release-macos-x86_64 0.2.1 OK
r-release-windows-ix86+x86_64 0.2.1 24.00 143.00 167.00 OK
r-oldrel-macos-x86_64 0.2.1 OK
r-oldrel-windows-ix86+x86_64 0.2.1 28.00 134.00 162.00 OK

Check Details

Version: 1.0.0
Check: data for non-ASCII characters
Result: NOTE
     Note: found 1 marked UTF-8 string
Flavors: r-devel-linux-x86_64-fedora-clang, r-patched-solaris-x86