CRAN Package Check Results for Package cbanalysis

Last updated on 2024-05-26 13:56:06 CEST.

Flavor Version Tinstall Tcheck Ttotal Status Flags
r-devel-linux-x86_64-debian-clang 0.2.0 1.95 21.02 22.97 NOTE
r-devel-linux-x86_64-debian-gcc 0.2.0 1.67 16.39 18.06 NOTE
r-devel-linux-x86_64-fedora-clang 0.2.0 32.52 NOTE
r-devel-linux-x86_64-fedora-gcc 0.2.0 27.62 NOTE
r-devel-windows-x86_64 0.2.0 3.00 38.00 41.00 NOTE
r-patched-linux-x86_64 0.2.0 1.77 20.56 22.33 NOTE
r-release-linux-x86_64 0.2.0 1.96 20.14 22.10 NOTE
r-release-macos-arm64 0.2.0 15.00 NOTE
r-release-windows-x86_64 0.2.0 3.00 38.00 41.00 NOTE
r-oldrel-macos-arm64 0.2.0 14.00 NOTE
r-oldrel-macos-x86_64 0.2.0 19.00 NOTE
r-oldrel-windows-x86_64 0.2.0 3.00 36.00 39.00 NOTE

Check Details

Version: 0.2.0
Check: LazyData
Result: NOTE 'LazyData' is specified without a 'data' directory Flavors: r-devel-linux-x86_64-debian-clang, r-devel-linux-x86_64-debian-gcc, r-devel-linux-x86_64-fedora-clang, r-devel-linux-x86_64-fedora-gcc, r-devel-windows-x86_64, r-patched-linux-x86_64, r-release-linux-x86_64, r-release-macos-arm64, r-release-windows-x86_64, r-oldrel-macos-arm64, r-oldrel-macos-x86_64, r-oldrel-windows-x86_64