CRAN Package Check Results for Package cbanalysis

Last updated on 2021-04-13 14:47:25 CEST.

Flavor Version Tinstall Tcheck Ttotal Status Flags
r-devel-linux-x86_64-debian-clang 0.2.0 1.96 20.46 22.42 NOTE
r-devel-linux-x86_64-debian-gcc 0.2.0 1.53 16.39 17.92 NOTE
r-devel-linux-x86_64-fedora-clang 0.2.0 37.40 NOTE
r-devel-linux-x86_64-fedora-gcc 0.2.0 27.19 NOTE
r-devel-windows-ix86+x86_64 0.2.0 5.00 36.00 41.00 NOTE
r-devel-windows-x86_64-gcc10-UCRT 0.2.0 NOTE
r-patched-linux-x86_64 0.2.0 1.94 20.15 22.09 OK
r-patched-solaris-x86 0.2.0 42.50 OK
r-release-linux-x86_64 0.2.0 1.98 19.79 21.77 OK
r-release-macos-x86_64 0.2.0 OK
r-release-windows-ix86+x86_64 0.2.0 5.00 26.00 31.00 OK
r-oldrel-macos-x86_64 0.2.0 OK
r-oldrel-windows-ix86+x86_64 0.2.0 3.00 41.00 44.00 OK

Check Details

Version: 0.2.0
Check: LazyData
Result: NOTE
     'LazyData' is specified without a 'data' directory
Flavors: r-devel-linux-x86_64-debian-clang, r-devel-linux-x86_64-debian-gcc, r-devel-linux-x86_64-fedora-clang, r-devel-linux-x86_64-fedora-gcc, r-devel-windows-ix86+x86_64, r-devel-windows-x86_64-gcc10-UCRT