CRAN Package Check Results for Package cbcTools

Last updated on 2024-04-16 09:59:27 CEST.

Flavor Version Tinstall Tcheck Ttotal Status Flags
r-devel-linux-x86_64-debian-clang 0.5.0 7.22 88.64 95.86 NOTE
r-devel-linux-x86_64-debian-gcc 0.5.0 5.76 64.84 70.60 NOTE
r-devel-linux-x86_64-fedora-clang 0.5.0 128.39 NOTE
r-devel-linux-x86_64-fedora-gcc 0.5.0 242.04 NOTE
r-prerel-macos-arm64 0.5.0 66.00 NOTE
r-prerel-windows-x86_64 0.5.0 7.00 84.00 91.00 NOTE
r-patched-linux-x86_64 0.5.0 4.96 84.10 89.06 NOTE
r-release-linux-x86_64 0.5.0 4.69 86.30 90.99 OK
r-release-macos-arm64 0.5.0 56.00 OK
r-release-macos-x86_64 0.5.0 129.00 OK
r-release-windows-x86_64 0.5.0 10.00 98.00 108.00 OK
r-oldrel-macos-arm64 0.5.0 60.00 OK
r-oldrel-windows-x86_64 0.5.0 10.00 102.00 112.00 OK

Check Details

Version: 0.5.0
Check: Rd files
Result: NOTE checkRd: (-1) cbc_design.Rd:160: Lost braces; missing escapes or markup? 160 | see \code{?DoE.base::fac.design} as well as the JSS article on the {DoE.base} | ^ checkRd: (-1) cbc_design.Rd:174: Lost braces; missing escapes or markup? 174 | well as the JSS article on the {DoE.base} package (Grömping, 2018). | ^ checkRd: (-1) cbc_design.Rd:197: Lost braces; missing escapes or markup? 197 | {idefix} package (Traets et al, 2020). | ^ checkRd: (-1) cbc_power.Rd:70: Lost braces; missing escapes or markup? 70 | estimation. See the {logitr} documentation for details about other | ^ Flavors: r-devel-linux-x86_64-debian-clang, r-devel-linux-x86_64-debian-gcc, r-devel-linux-x86_64-fedora-clang, r-devel-linux-x86_64-fedora-gcc, r-prerel-macos-arm64, r-prerel-windows-x86_64, r-patched-linux-x86_64