CRAN Package Check Results for Package cbq

Last updated on 2020-09-19 06:47:00 CEST.

Flavor Version Tinstall Tcheck Ttotal Status Flags
r-devel-linux-x86_64-debian-clang 0.2.0.1 1642.19 159.24 1801.43 NOTE
r-devel-linux-x86_64-debian-gcc 0.2.0.1 1522.56 186.33 1708.89 NOTE
r-devel-linux-x86_64-fedora-clang 0.2.0.1 2661.51 NOTE
r-devel-linux-x86_64-fedora-gcc 0.2.0.1 2960.47 NOTE
r-devel-windows-ix86+x86_64 0.2.0.1 3792.00 352.00 4144.00 NOTE
r-patched-linux-x86_64 0.2.0.1 0.02 3.95 3.97 ERROR
r-patched-solaris-x86 0.2.0.1 2284.50 NOTE
r-release-linux-x86_64 0.2.0.1 1569.20 235.04 1804.24 NOTE
r-release-macos-x86_64 0.2.0.1 NOTE
r-release-windows-ix86+x86_64 0.2.0.1 3755.00 346.00 4101.00 NOTE
r-oldrel-macos-x86_64 0.2.0.1 NOTE
r-oldrel-windows-ix86+x86_64 0.2.0.1 2621.00 330.00 2951.00 NOTE

Check Details

Version: 0.2.0.1
Check: for GNU extensions in Makefiles
Result: NOTE
    GNU make is a SystemRequirements.
Flavors: r-devel-linux-x86_64-debian-clang, r-devel-linux-x86_64-debian-gcc, r-devel-linux-x86_64-fedora-clang, r-devel-linux-x86_64-fedora-gcc, r-devel-windows-ix86+x86_64, r-patched-solaris-x86, r-release-linux-x86_64, r-release-macos-x86_64, r-release-windows-ix86+x86_64, r-oldrel-macos-x86_64, r-oldrel-windows-ix86+x86_64

Version: 0.2.0.1
Check: installed package size
Result: NOTE
     installed size is 242.9Mb
     sub-directories of 1Mb or more:
     libs 242.4Mb
Flavors: r-devel-linux-x86_64-fedora-clang, r-devel-windows-ix86+x86_64, r-patched-solaris-x86, r-release-macos-x86_64, r-release-windows-ix86+x86_64, r-oldrel-macos-x86_64, r-oldrel-windows-ix86+x86_64

Version: 0.2.0.1
Check: whether package can be installed
Result: ERROR
    Installation failed.
Flavor: r-patched-linux-x86_64