CRAN Package Check Results for Package ccTensor

Last updated on 2021-12-06 21:51:09 CET.

Flavor Version Tinstall Tcheck Ttotal Status Flags
r-devel-linux-x86_64-debian-clang 1.0.2 3.11 50.48 53.59 OK
r-devel-linux-x86_64-debian-gcc 1.0.2 2.34 37.77 40.11 OK
r-devel-linux-x86_64-fedora-clang 1.0.2 63.95 NOTE
r-devel-linux-x86_64-fedora-gcc 1.0.2 54.14 NOTE
r-devel-windows-x86_64-new-UL 1.0.2 10.00 83.00 93.00 OK
r-devel-windows-x86_64-new-TK 1.0.2 NOTE
r-devel-windows-x86_64-old 1.0.2 7.00 48.00 55.00 OK
r-patched-linux-x86_64 1.0.2 3.17 39.62 42.79 OK
r-release-linux-x86_64 1.0.2 3.10 46.91 50.01 OK
r-release-macos-arm64 1.0.2 NOTE
r-release-macos-x86_64 1.0.2 NOTE
r-release-windows-ix86+x86_64 1.0.2 8.00 61.00 69.00 OK

Check Details

Version: 1.0.2
Check: dependencies in R code
Result: NOTE
    Namespace in Imports field not imported from: ‘fields’
     All declared Imports should be used.
Flavors: r-devel-linux-x86_64-fedora-clang, r-devel-linux-x86_64-fedora-gcc, r-devel-windows-x86_64-new-TK, r-release-macos-arm64, r-release-macos-x86_64