CRAN Package Check Results for Package cccp

Last updated on 2021-09-19 14:49:05 CEST.

Flavor Version Tinstall Tcheck Ttotal Status Flags
r-devel-linux-x86_64-debian-clang 0.2-7 242.49 63.88 306.37 OK
r-devel-linux-x86_64-debian-gcc 0.2-7 170.16 46.47 216.63 OK
r-devel-linux-x86_64-fedora-clang 0.2-7 466.92 NOTE
r-devel-linux-x86_64-fedora-gcc 0.2-7 400.66 OK
r-devel-windows-x86_64 0.2-7 211.00 98.00 309.00 OK
r-devel-windows-x86_64-gcc10-UCRT 0.2-7 ERROR
r-patched-linux-x86_64 0.2-7 206.69 61.31 268.00 OK
r-patched-solaris-x86 0.2-7 348.40 OK
r-release-linux-x86_64 0.2-7 194.94 61.50 256.44 OK
r-release-macos-arm64 0.2-7 NOTE
r-release-macos-x86_64 0.2-7 NOTE
r-release-windows-ix86+x86_64 0.2-7 525.00 95.00 620.00 OK
r-oldrel-macos-x86_64 0.2-7 NOTE
r-oldrel-windows-ix86+x86_64 0.2-7 524.00 105.00 629.00 OK

Check Details

Version: 0.2-7
Check: installed package size
Result: NOTE
     installed size is 17.9Mb
     sub-directories of 1Mb or more:
     libs 17.6Mb
Flavors: r-devel-linux-x86_64-fedora-clang, r-release-macos-arm64, r-release-macos-x86_64, r-oldrel-macos-x86_64

Version: 0.2-7
Check: whether package can be installed
Result: ERROR
    Installation failed.
Flavor: r-devel-windows-x86_64-gcc10-UCRT